CRAN Package Check Results for Package adhoc

Last updated on 2021-06-25 05:51:41 CEST.

Flavor Version Tinstall Tcheck Ttotal Status Flags
r-devel-linux-x86_64-debian-clang 1.1 21.45 176.44 197.89 NOTE
r-devel-linux-x86_64-debian-gcc 1.1 15.77 131.43 147.20 NOTE
r-devel-linux-x86_64-fedora-clang 1.1 243.56 NOTE
r-devel-linux-x86_64-fedora-gcc 1.1 228.21 NOTE
r-devel-windows-x86_64 1.1 29.00 148.00 177.00 OK
r-devel-windows-x86_64-gcc10-UCRT 1.1 OK
r-patched-linux-x86_64 1.1 20.70 164.78 185.48 NOTE
r-patched-solaris-x86 1.1 353.30 NOTE
r-release-linux-x86_64 1.1 18.77 163.75 182.52 NOTE
r-release-macos-arm64 1.1 OK
r-release-macos-x86_64 1.1 OK
r-release-windows-ix86+x86_64 1.1 32.00 197.00 229.00 OK
r-oldrel-macos-x86_64 1.1 OK
r-oldrel-windows-ix86+x86_64 1.1 46.00 197.00 243.00 OK

Check Details

Version: 1.1
Check: for non-standard things in the check directory
Result: NOTE
    Found the following files/directories:
     'Bestmatches.csv' 'ID.csv' 'listsp.csv' 'mylabels.csv'
Flavors: r-devel-linux-x86_64-debian-clang, r-devel-linux-x86_64-debian-gcc, r-devel-linux-x86_64-fedora-clang, r-devel-linux-x86_64-fedora-gcc, r-patched-linux-x86_64, r-patched-solaris-x86, r-release-linux-x86_64