Last updated on 2021-01-22 05:50:21 CET.
Flavor | Version | Tinstall | Tcheck | Ttotal | Status | Flags |
---|---|---|---|---|---|---|
r-devel-linux-x86_64-debian-clang | 0.5.99 | 11.41 | 143.33 | 154.74 | OK | |
r-devel-linux-x86_64-debian-gcc | 0.5.99 | 8.28 | 109.45 | 117.73 | OK | |
r-devel-linux-x86_64-fedora-clang | 0.5.99 | 190.44 | OK | |||
r-devel-linux-x86_64-fedora-gcc | 0.5.99 | 182.17 | OK | |||
r-devel-windows-ix86+x86_64 | 0.5.99 | 24.00 | 233.00 | 257.00 | OK | |
r-patched-linux-x86_64 | 0.5.99 | 8.42 | 134.07 | 142.49 | OK | |
r-patched-solaris-x86 | 0.5.99 | 274.40 | OK | |||
r-release-linux-x86_64 | 0.5.99 | 8.91 | 132.69 | 141.60 | OK | |
r-release-macos-x86_64 | 0.5.99 | NOTE | ||||
r-release-windows-ix86+x86_64 | 0.5.99 | 20.00 | 256.00 | 276.00 | OK | |
r-oldrel-macos-x86_64 | 0.5.99 | NOTE | ||||
r-oldrel-windows-ix86+x86_64 | 0.5.99 | 15.00 | 163.00 | 178.00 | OK |
Version: 0.5.99
Check: package dependencies
Result: NOTE
Package suggested but not available for checking: ‘HiTC’
Flavors: r-release-macos-x86_64, r-oldrel-macos-x86_64