CRAN Package Check Results for Package adjclust

Last updated on 2021-06-25 05:51:41 CEST.

Flavor Version Tinstall Tcheck Ttotal Status Flags
r-devel-linux-x86_64-debian-clang 0.5.99 9.86 146.66 156.52 OK
r-devel-linux-x86_64-debian-gcc 0.5.99 7.61 110.00 117.61 OK
r-devel-linux-x86_64-fedora-clang 0.5.99 194.40 OK
r-devel-linux-x86_64-fedora-gcc 0.5.99 184.25 OK
r-devel-windows-x86_64 0.5.99 16.00 137.00 153.00 OK
r-devel-windows-x86_64-gcc10-UCRT 0.5.99 NOTE
r-patched-linux-x86_64 0.5.99 8.20 137.12 145.32 OK
r-patched-solaris-x86 0.5.99 277.90 OK
r-release-linux-x86_64 0.5.99 9.52 136.01 145.53 OK
r-release-macos-arm64 0.5.99 NOTE
r-release-macos-x86_64 0.5.99 NOTE
r-release-windows-ix86+x86_64 0.5.99 22.00 174.00 196.00 OK
r-oldrel-macos-x86_64 0.5.99 NOTE
r-oldrel-windows-ix86+x86_64 0.5.99 22.00 197.00 219.00 OK

Check Details

Version: 0.5.99
Check: package dependencies
Result: NOTE
    Package suggested but not available for checking: 'HiTC'
Flavors: r-devel-windows-x86_64-gcc10-UCRT, r-release-macos-x86_64, r-oldrel-macos-x86_64

Version: 0.5.99
Check: package dependencies
Result: NOTE
    Packages suggested but not available for checking: 'HiTC', 'snpStats'
Flavor: r-release-macos-arm64

Version: 0.5.99
Check: Rd cross-references
Result: NOTE
    Package unavailable to check Rd xrefs: ‘snpStats’
Flavor: r-release-macos-arm64