Last updated on 2023-03-25 05:50:25 CET.
Flavor | Version | Tinstall | Tcheck | Ttotal | Status | Flags |
---|---|---|---|---|---|---|
r-devel-linux-x86_64-debian-clang | 0.10.0 | 12.41 | 480.12 | 492.53 | OK | |
r-devel-linux-x86_64-debian-gcc | 0.10.0 | 10.65 | 352.95 | 363.60 | OK | |
r-devel-linux-x86_64-fedora-clang | 0.10.0 | 619.80 | NOTE | |||
r-devel-linux-x86_64-fedora-gcc | 0.10.0 | 625.55 | OK | |||
r-devel-windows-x86_64 | 0.10.0 | 193.00 | 608.00 | 801.00 | OK | |
r-patched-linux-x86_64 | 0.10.0 | 11.82 | 457.78 | 469.60 | OK | |
r-release-linux-x86_64 | 0.10.0 | 10.09 | 460.56 | 470.65 | OK | |
r-release-macos-arm64 | 0.10.0 | 149.00 | OK | |||
r-release-macos-x86_64 | 0.10.0 | 222.00 | OK | |||
r-release-windows-x86_64 | 0.10.0 | 264.00 | 622.00 | 886.00 | OK | |
r-oldrel-macos-arm64 | 0.10.0 | 126.00 | OK | |||
r-oldrel-macos-x86_64 | 0.10.0 | 217.00 | OK | |||
r-oldrel-windows-ix86+x86_64 | 0.10.0 | 22.00 | 590.00 | 612.00 | OK |
Version: 0.10.0
Check: Rd cross-references
Result: NOTE
Undeclared packages ‘timereg’, ‘rms’, ‘ranger’ in Rd xrefs
Flavor: r-devel-linux-x86_64-fedora-clang