CRAN Package Check Results for Package adobeanalyticsr

Last updated on 2023-03-22 12:53:40 CET.

Flavor Version Tinstall Tcheck Ttotal Status Flags
r-devel-linux-x86_64-debian-clang 0.3.3 9.02 68.77 77.79 OK
r-devel-linux-x86_64-debian-gcc 0.3.3 8.16 51.87 60.03 OK
r-devel-linux-x86_64-fedora-clang 0.3.3 96.95 NOTE
r-devel-linux-x86_64-fedora-gcc 0.3.3 100.19 NOTE
r-devel-windows-x86_64 0.3.3 78.00 100.00 178.00 OK
r-patched-linux-x86_64 0.3.3 9.32 66.46 75.78 OK
r-release-linux-x86_64 0.3.3 9.61 66.92 76.53 OK
r-release-macos-arm64 0.3.3 35.00 NOTE
r-release-macos-x86_64 0.3.3 48.00 NOTE
r-release-windows-x86_64 0.3.3 87.00 100.00 187.00 OK
r-oldrel-macos-arm64 0.3.3 39.00 NOTE
r-oldrel-macos-x86_64 0.3.3 48.00 NOTE
r-oldrel-windows-ix86+x86_64 0.3.3 20.00 93.00 113.00 OK

Check Details

Version: 0.3.3
Check: dependencies in R code
Result: NOTE
    Namespace in Imports field not imported from: ‘tibble’
     All declared Imports should be used.
Flavors: r-devel-linux-x86_64-fedora-clang, r-devel-linux-x86_64-fedora-gcc, r-release-macos-arm64, r-release-macos-x86_64, r-oldrel-macos-arm64, r-oldrel-macos-x86_64