Last updated on 2024-08-16 11:49:35 CEST.
Flavor | Version | Tinstall | Tcheck | Ttotal | Status | Flags |
---|---|---|---|---|---|---|
r-devel-linux-x86_64-debian-clang | 1.0.1 | 5.98 | 103.67 | 109.65 | NOTE | |
r-devel-linux-x86_64-debian-gcc | 1.0.1 | 4.06 | 66.83 | 70.89 | NOTE | |
r-devel-linux-x86_64-fedora-clang | 1.0.1 | 176.87 | OK | |||
r-devel-linux-x86_64-fedora-gcc | 1.0.1 | 181.20 | OK | |||
r-devel-windows-x86_64 | 1.0.1 | 8.00 | 117.00 | 125.00 | NOTE | |
r-patched-linux-x86_64 | 1.0.1 | 5.29 | 98.01 | 103.30 | OK | |
r-release-linux-x86_64 | 1.0.1 | 5.63 | 97.49 | 103.12 | OK | |
r-release-macos-arm64 | 1.0.1 | 63.00 | OK | |||
r-release-macos-x86_64 | 1.0.1 | 140.00 | OK | |||
r-release-windows-x86_64 | 1.0.1 | 8.00 | 118.00 | 126.00 | OK | |
r-oldrel-macos-arm64 | 1.0.1 | 203.00 | OK | |||
r-oldrel-macos-x86_64 | 1.0.1 | 416.00 | OK | |||
r-oldrel-windows-x86_64 | 1.0.1 | 6.00 | 142.00 | 148.00 | OK |
Version: 1.0.1
Check: Rd cross-references
Result: NOTE
Found the following Rd file(s) with Rd \link{} targets missing package
anchors:
minimize.Rd: nloptr
Please provide package anchors for all Rd \link{} targets not in the
package itself and the base packages.
Flavors: r-devel-linux-x86_64-debian-clang, r-devel-linux-x86_64-debian-gcc, r-devel-windows-x86_64