Last updated on 2024-03-29 00:50:42 CET.
Flavor | Version | Tinstall | Tcheck | Ttotal | Status | Flags |
---|---|---|---|---|---|---|
r-devel-linux-x86_64-debian-clang | 2.1 | 7.28 | 86.16 | 93.44 | NOTE | |
r-devel-linux-x86_64-debian-gcc | 2.1 | 7.71 | 65.00 | 72.71 | NOTE | |
r-devel-linux-x86_64-fedora-clang | 2.1 | 125.12 | NOTE | |||
r-devel-linux-x86_64-fedora-gcc | 2.1 | 120.16 | NOTE | |||
r-devel-windows-x86_64 | 2.1 | 9.00 | 81.00 | 90.00 | NOTE | |
r-patched-linux-x86_64 | 2.1 | 7.26 | 80.87 | 88.13 | NOTE | |
r-release-linux-x86_64 | 2.1 | 6.45 | 85.38 | 91.83 | OK | |
r-release-macos-arm64 | 2.1 | 38.00 | OK | |||
r-release-macos-x86_64 | 2.1 | 66.00 | OK | |||
r-release-windows-x86_64 | 2.1 | 12.00 | 97.00 | 109.00 | OK | |
r-oldrel-macos-arm64 | 2.1 | 39.00 | OK | |||
r-oldrel-windows-x86_64 | 2.1 | 12.00 | 103.00 | 115.00 | OK |
Version: 2.1
Check: Rd files
Result: NOTE
checkRd: (-1) gini.w.Rd:20: Lost braces; missing escapes or markup?
20 | where \eqn{x_i,x_j} are incomes of individuals \eqn{i} and {j}, respectively, \eqn{n} is the number of individuals, \eqn{\mu_w} is the mean income. The Gini coefficient ranges between 1 (perfect equality) and 1 (perfect inequality).
| ^
Flavors: r-devel-linux-x86_64-debian-clang, r-devel-linux-x86_64-debian-gcc, r-devel-linux-x86_64-fedora-clang, r-devel-linux-x86_64-fedora-gcc, r-devel-windows-x86_64, r-patched-linux-x86_64