CRAN Package Check Results for Package aftgee

Last updated on 2022-10-07 05:51:48 CEST.

Flavor Version Tinstall Tcheck Ttotal Status Flags
r-devel-linux-x86_64-debian-clang 1.1.6 28.12 125.39 153.51 NOTE
r-devel-linux-x86_64-debian-gcc 1.1.6 16.27 90.78 107.05 NOTE
r-devel-linux-x86_64-fedora-clang 1.1.6 196.80 NOTE
r-devel-linux-x86_64-fedora-gcc 1.1.6 191.51 NOTE
r-devel-windows-x86_64 1.1.6 26.00 149.00 175.00 NOTE
r-patched-linux-x86_64 1.1.6 19.12 113.49 132.61 OK
r-release-linux-x86_64 1.1.6 14.89 115.55 130.44 OK
r-release-macos-arm64 1.1.6 49.00 OK
r-release-macos-x86_64 1.1.6 83.00 OK
r-release-windows-x86_64 1.1.6 28.00 136.00 164.00 OK
r-oldrel-macos-arm64 1.1.6 55.00 OK
r-oldrel-macos-x86_64 1.1.6 64.00 OK
r-oldrel-windows-ix86+x86_64 1.1.6 46.00 177.00 223.00 OK

Check Details

Version: 1.1.6
Check: package subdirectories
Result: NOTE
    Problems with news in 'NEWS.md':
    No news entries found.
Flavors: r-devel-linux-x86_64-debian-clang, r-devel-linux-x86_64-debian-gcc, r-devel-linux-x86_64-fedora-clang, r-devel-linux-x86_64-fedora-gcc, r-devel-windows-x86_64

Version: 1.1.6
Check: compilation flags used
Result: NOTE
    Compilation used the following non-portable flag(s):
     ‘-Wstrict-prototypes’
Flavor: r-devel-linux-x86_64-debian-gcc