CRAN Package Check Results for Package ahnr

Last updated on 2021-01-17 17:47:24 CET.

Flavor Version Tinstall Tcheck Ttotal Status Flags
r-devel-linux-x86_64-debian-clang 0.3.1 4.35 143.72 148.07 OK
r-devel-linux-x86_64-debian-gcc 0.3.1 3.08 96.43 99.51 OK
r-devel-linux-x86_64-fedora-clang 0.3.1 172.11 OK
r-devel-linux-x86_64-fedora-gcc 0.3.1 160.73 OK
r-devel-windows-ix86+x86_64 0.3.1 8.00 121.00 129.00 OK
r-patched-linux-x86_64 0.3.1 4.40 132.99 137.39 OK
r-patched-solaris-x86 0.3.1 143.60 WARN
r-release-linux-x86_64 0.3.1 4.42 132.95 137.37 OK
r-release-macos-x86_64 0.3.1 WARN
r-release-windows-ix86+x86_64 0.3.1 10.00 123.00 133.00 OK
r-oldrel-macos-x86_64 0.3.1 WARN
r-oldrel-windows-ix86+x86_64 0.3.1 9.00 106.00 115.00 OK

Check Details

Version: 0.3.1
Check: re-building of vignette outputs
Result: WARN
    Error(s) in re-building vignettes:
     ...
    --- re-building ‘ahn.Rmd’ using rmarkdown
    Warning in engine$weave(file, quiet = quiet, encoding = enc) :
     Pandoc (>= 1.12.3) and/or pandoc-citeproc not available. Falling back to R Markdown v1.
    Quitting from lines 66-67 (ahn.Rmd)
    Error: processing vignette 'ahn.Rmd' failed with diagnostics:
    there is no package called 'webshot'
    --- failed re-building ‘ahn.Rmd’
    
    SUMMARY: processing the following file failed:
     ‘ahn.Rmd’
    
    Error: Vignette re-building failed.
    Execution halted
Flavor: r-patched-solaris-x86

Version: 0.3.1
Check: re-building of vignette outputs
Result: WARN
    Error(s) in re-building vignettes:
     ...
    --- re-building ‘ahn.Rmd’ using rmarkdown
    Warning in engine$weave(file, quiet = quiet, encoding = enc) :
     Pandoc (>= 1.12.3) and/or pandoc-citeproc not available. Falling back to R Markdown v1.
    Quitting from lines 66-67 (ahn.Rmd)
    Error: processing vignette 'ahn.Rmd' failed with diagnostics:
    cannot open the connection
    --- failed re-building ‘ahn.Rmd’
    
    SUMMARY: processing the following file failed:
     ‘ahn.Rmd’
    
    Error: Vignette re-building failed.
    Execution halted
Flavors: r-release-macos-x86_64, r-oldrel-macos-x86_64