CRAN Package Check Results for Package ahpsurvey

Last updated on 2021-06-25 11:52:19 CEST.

Flavor Version Tinstall Tcheck Ttotal Status Flags
r-devel-linux-x86_64-debian-clang 0.4.1 5.60 103.91 109.51 OK
r-devel-linux-x86_64-debian-gcc 0.4.1 4.03 72.98 77.01 OK
r-devel-linux-x86_64-fedora-clang 0.4.1 131.23 NOTE
r-devel-linux-x86_64-fedora-gcc 0.4.1 124.76 NOTE
r-devel-windows-x86_64 0.4.1 9.00 92.00 101.00 OK
r-devel-windows-x86_64-gcc10-UCRT 0.4.1 NOTE
r-patched-linux-x86_64 0.4.1 5.36 95.14 100.50 OK
r-patched-solaris-x86 0.4.1 163.60 NOTE
r-release-linux-x86_64 0.4.1 5.51 94.44 99.95 OK
r-release-macos-arm64 0.4.1 NOTE
r-release-macos-x86_64 0.4.1 NOTE
r-release-windows-ix86+x86_64 0.4.1 9.00 86.00 95.00 OK
r-oldrel-macos-x86_64 0.4.1 NOTE
r-oldrel-windows-ix86+x86_64 0.4.1 14.00 107.00 121.00 OK

Check Details

Version: 0.4.1
Check: dependencies in R code
Result: NOTE
    Namespaces in Imports field not imported from:
     ‘knitr’ ‘randomNames’ ‘tidyr’
     All declared Imports should be used.
Flavors: r-devel-linux-x86_64-fedora-clang, r-devel-linux-x86_64-fedora-gcc, r-devel-windows-x86_64-gcc10-UCRT, r-patched-solaris-x86, r-release-macos-arm64, r-release-macos-x86_64, r-oldrel-macos-x86_64