CRAN Package Check Results for Package aiRly

Last updated on 2021-04-21 05:48:28 CEST.

Flavor Version Tinstall Tcheck Ttotal Status Flags
r-devel-linux-x86_64-debian-clang 0.1.0 3.42 36.42 39.84 NOTE
r-devel-linux-x86_64-debian-gcc 0.1.0 2.79 28.11 30.90 NOTE
r-devel-linux-x86_64-fedora-clang 0.1.0 57.21 NOTE
r-devel-linux-x86_64-fedora-gcc 0.1.0 47.33 NOTE
r-devel-windows-ix86+x86_64 0.1.0 8.00 39.00 47.00 NOTE
r-devel-windows-x86_64-gcc10-UCRT 0.1.0 NOTE
r-patched-linux-x86_64 0.1.0 4.17 34.75 38.92 OK
r-patched-solaris-x86 0.1.0 71.40 OK
r-release-linux-x86_64 0.1.0 3.61 34.69 38.30 OK
r-release-macos-x86_64 0.1.0 OK
r-release-windows-ix86+x86_64 0.1.0 9.00 54.00 63.00 OK
r-oldrel-macos-x86_64 0.1.0 OK
r-oldrel-windows-ix86+x86_64 0.1.0 30.00 55.00 85.00 OK

Check Details

Version: 0.1.0
Check: LazyData
Result: NOTE
     'LazyData' is specified without a 'data' directory
Flavors: r-devel-linux-x86_64-debian-clang, r-devel-linux-x86_64-debian-gcc, r-devel-linux-x86_64-fedora-clang, r-devel-linux-x86_64-fedora-gcc, r-devel-windows-ix86+x86_64, r-devel-windows-x86_64-gcc10-UCRT