Last updated on 2024-08-16 11:49:35 CEST.
Flavor | Version | Tinstall | Tcheck | Ttotal | Status | Flags |
---|---|---|---|---|---|---|
r-devel-linux-x86_64-debian-clang | 1.0.4 | 5.17 | 45.22 | 50.39 | OK | |
r-devel-linux-x86_64-debian-gcc | 1.0.4 | 3.71 | 32.44 | 36.15 | OK | |
r-devel-linux-x86_64-fedora-clang | 1.0.4 | 81.08 | NOTE | |||
r-devel-linux-x86_64-fedora-gcc | 1.0.4 | 88.90 | OK | |||
r-devel-windows-x86_64 | 1.0.4 | 7.00 | 69.00 | 76.00 | OK | |
r-patched-linux-x86_64 | 1.0.4 | 5.95 | 42.31 | 48.26 | OK | |
r-release-linux-x86_64 | 1.0.4 | 4.00 | 42.28 | 46.28 | OK | |
r-release-macos-arm64 | 1.0.4 | 45.00 | OK | |||
r-release-macos-x86_64 | 1.0.4 | 102.00 | OK | |||
r-release-windows-x86_64 | 1.0.4 | 6.00 | 69.00 | 75.00 | OK | |
r-oldrel-macos-arm64 | 1.0.4 | 42.00 | OK | |||
r-oldrel-macos-x86_64 | 1.0.4 | 67.00 | OK | |||
r-oldrel-windows-x86_64 | 1.0.4 | 8.00 | 74.00 | 82.00 | OK |
Version: 1.0.4
Check: Rd cross-references
Result: NOTE
Undeclared package ‘era’ in Rd xrefs
Flavor: r-devel-linux-x86_64-fedora-clang