Last updated on 2021-04-15 05:47:47 CEST.
Flavor | Version | Tinstall | Tcheck | Ttotal | Status | Flags |
---|---|---|---|---|---|---|
r-devel-linux-x86_64-debian-clang | 0.2.10.112 | 6.37 | 57.46 | 63.83 | OK | |
r-devel-linux-x86_64-debian-gcc | 0.2.10.112 | 5.16 | 45.12 | 50.28 | OK | |
r-devel-linux-x86_64-fedora-clang | 0.2.10.112 | 84.72 | NOTE | |||
r-devel-linux-x86_64-fedora-gcc | 0.2.10.112 | 75.76 | OK | |||
r-devel-windows-ix86+x86_64 | 0.2.10.112 | 15.00 | 88.00 | 103.00 | NOTE | |
r-devel-windows-x86_64-gcc10-UCRT | 0.2.10.112 | OK | ||||
r-patched-linux-x86_64 | 0.2.10.112 | 6.21 | 56.05 | 62.26 | OK | |
r-patched-solaris-x86 | 0.2.10.112 | 119.60 | NOTE | |||
r-release-linux-x86_64 | 0.2.10.112 | 6.82 | 56.07 | 62.89 | OK | |
r-release-macos-x86_64 | 0.2.10.112 | NOTE | ||||
r-release-windows-ix86+x86_64 | 0.2.10.112 | 31.00 | 88.00 | 119.00 | NOTE | |
r-oldrel-macos-x86_64 | 0.2.10.112 | NOTE | ||||
r-oldrel-windows-ix86+x86_64 | 0.2.10.112 | 12.00 | 61.00 | 73.00 | NOTE |
Version: 0.2.10.112
Check: installed package size
Result: NOTE
installed size is 7.5Mb
sub-directories of 1Mb or more:
ShinyGR 6.9Mb
Flavors: r-devel-linux-x86_64-fedora-clang, r-devel-windows-ix86+x86_64, r-patched-solaris-x86, r-release-macos-x86_64, r-release-windows-ix86+x86_64, r-oldrel-macos-x86_64, r-oldrel-windows-ix86+x86_64