CRAN Package Check Results for Package alakazam

Last updated on 2024-06-23 05:54:16 CEST.

Flavor Version Tinstall Tcheck Ttotal Status Flags
r-devel-linux-x86_64-debian-clang 1.3.0 77.06 676.75 753.81 NOTE
r-devel-linux-x86_64-debian-gcc 1.3.0 56.93 512.67 569.60 NOTE
r-devel-linux-x86_64-fedora-clang 1.3.0 970.21 NOTE
r-devel-linux-x86_64-fedora-gcc 1.3.0 931.02 NOTE
r-devel-windows-x86_64 1.3.0 59.00 617.00 676.00 NOTE
r-patched-linux-x86_64 1.3.0 54.87 647.88 702.75 NOTE
r-release-linux-x86_64 1.3.0 49.91 650.39 700.30 NOTE
r-release-macos-arm64 1.3.0 250.00 NOTE
r-release-macos-x86_64 1.3.0 390.00 NOTE
r-release-windows-x86_64 1.3.0 66.00 619.00 685.00 NOTE
r-oldrel-macos-arm64 1.3.0 235.00 OK
r-oldrel-macos-x86_64 1.3.0 560.00 OK
r-oldrel-windows-x86_64 1.3.0 82.00 769.00 851.00 OK

Check Details

Version: 1.3.0
Check: Rd files
Result: NOTE checkRd: (-1) buildPhylipLineage.Rd:61: Lost braces; missing escapes or markup? 61 | names with the format {"Inferred1", "Inferred2", ...}. | ^ Flavors: r-devel-linux-x86_64-debian-clang, r-devel-linux-x86_64-debian-gcc, r-devel-linux-x86_64-fedora-clang, r-devel-linux-x86_64-fedora-gcc, r-devel-windows-x86_64, r-patched-linux-x86_64, r-release-linux-x86_64, r-release-macos-arm64, r-release-macos-x86_64, r-release-windows-x86_64