Last updated on 2023-09-21 17:55:37 CEST.
Flavor | Version | Tinstall | Tcheck | Ttotal | Status | Flags |
---|---|---|---|---|---|---|
r-devel-linux-x86_64-debian-clang | 1.2.1 | 64.70 | 667.36 | 732.06 | NOTE | |
r-devel-linux-x86_64-debian-gcc | 1.2.1 | 53.18 | 497.70 | 550.88 | NOTE | |
r-devel-linux-x86_64-fedora-clang | 1.2.1 | 906.22 | NOTE | |||
r-devel-linux-x86_64-fedora-gcc | 1.2.1 | 946.51 | NOTE | |||
r-devel-windows-x86_64 | 1.2.1 | 57.00 | 611.00 | 668.00 | NOTE | |
r-patched-linux-x86_64 | 1.2.1 | 59.44 | 628.88 | 688.32 | NOTE | |
r-release-linux-x86_64 | 1.2.1 | 47.87 | 639.13 | 687.00 | NOTE | |
r-release-macos-arm64 | 1.2.1 | 270.00 | NOTE | |||
r-release-macos-x86_64 | 1.2.1 | 383.00 | NOTE | |||
r-release-windows-x86_64 | 1.2.1 | 76.00 | 694.00 | 770.00 | NOTE | |
r-oldrel-macos-arm64 | 1.2.1 | 230.00 | OK | |||
r-oldrel-macos-x86_64 | 1.2.1 | 262.00 | OK | |||
r-oldrel-windows-x86_64 | 1.2.1 | 73.00 | 640.00 | 713.00 | OK |
Version: 1.2.1
Check: C++ specification
Result: NOTE
Specified C++11: please drop specification unless essential
Flavors: r-devel-linux-x86_64-debian-clang, r-devel-linux-x86_64-debian-gcc, r-devel-linux-x86_64-fedora-clang, r-devel-linux-x86_64-fedora-gcc, r-devel-windows-x86_64, r-patched-linux-x86_64, r-release-linux-x86_64, r-release-macos-arm64, r-release-macos-x86_64, r-release-windows-x86_64