CRAN Package Check Results for Package alfr

Last updated on 2023-03-30 13:51:34 CEST.

Flavor Version Tinstall Tcheck Ttotal Status Flags
r-devel-linux-x86_64-debian-clang 1.2.1 3.92 36.64 40.56 NOTE
r-devel-linux-x86_64-debian-gcc 1.2.1 2.96 29.02 31.98 NOTE
r-devel-linux-x86_64-fedora-clang 1.2.1 51.29 NOTE
r-devel-linux-x86_64-fedora-gcc 1.2.1 59.79 NOTE
r-devel-windows-x86_64 1.2.1 37.00 84.00 121.00 NOTE
r-patched-linux-x86_64 1.2.1 3.08 36.08 39.16 NOTE
r-release-linux-x86_64 1.2.1 3.59 37.40 40.99 NOTE
r-release-macos-arm64 1.2.1 18.00 NOTE
r-release-macos-x86_64 1.2.1 26.00 NOTE
r-release-windows-x86_64 1.2.1 32.00 93.00 125.00 NOTE
r-oldrel-macos-arm64 1.2.1 23.00 NOTE
r-oldrel-macos-x86_64 1.2.1 31.00 NOTE
r-oldrel-windows-ix86+x86_64 1.2.1 9.00 71.00 80.00 NOTE

Check Details

Version: 1.2.1
Check: LazyData
Result: NOTE
     'LazyData' is specified without a 'data' directory
Flavors: r-devel-linux-x86_64-debian-clang, r-devel-linux-x86_64-debian-gcc, r-devel-linux-x86_64-fedora-clang, r-devel-linux-x86_64-fedora-gcc, r-devel-windows-x86_64, r-patched-linux-x86_64, r-release-linux-x86_64, r-release-macos-arm64, r-release-macos-x86_64, r-release-windows-x86_64, r-oldrel-macos-arm64, r-oldrel-macos-x86_64, r-oldrel-windows-ix86+x86_64