CRAN Package Check Results for Package algo

Last updated on 2024-05-27 05:52:06 CEST.

Flavor Version Tinstall Tcheck Ttotal Status Flags
r-devel-linux-x86_64-debian-clang 0.1.0 1.81 24.45 26.26 NOTE
r-devel-linux-x86_64-debian-gcc 0.1.0 1.54 18.93 20.47 NOTE
r-devel-linux-x86_64-fedora-clang 0.1.0 34.05 NOTE
r-devel-linux-x86_64-fedora-gcc 0.1.0 44.28 NOTE
r-devel-windows-x86_64 0.1.0 2.00 41.00 43.00 NOTE
r-patched-linux-x86_64 0.1.0 2.26 23.76 26.02 NOTE
r-release-linux-x86_64 0.1.0 2.16 22.98 25.14 NOTE
r-release-macos-arm64 0.1.0 20.00 NOTE
r-release-windows-x86_64 0.1.0 3.00 40.00 43.00 NOTE
r-oldrel-macos-arm64 0.1.0 22.00 NOTE
r-oldrel-macos-x86_64 0.1.0 29.00 NOTE
r-oldrel-windows-x86_64 0.1.0 3.00 42.00 45.00 NOTE

Check Details

Version: 0.1.0
Check: LazyData
Result: NOTE 'LazyData' is specified without a 'data' directory Flavors: r-devel-linux-x86_64-debian-clang, r-devel-linux-x86_64-debian-gcc, r-devel-linux-x86_64-fedora-clang, r-devel-linux-x86_64-fedora-gcc, r-devel-windows-x86_64, r-patched-linux-x86_64, r-release-linux-x86_64, r-release-macos-arm64, r-release-windows-x86_64, r-oldrel-macos-arm64, r-oldrel-macos-x86_64, r-oldrel-windows-x86_64