CRAN Package Check Results for Package algorithmia

Last updated on 2024-04-23 23:55:52 CEST.

Flavor Version Tinstall Tcheck Ttotal Status Flags
r-devel-linux-x86_64-debian-clang 0.3.0 2.97 30.85 33.82 NOTE
r-devel-linux-x86_64-debian-gcc 0.3.0 2.56 23.56 26.12 NOTE
r-devel-linux-x86_64-fedora-clang 0.3.0 44.37 NOTE
r-devel-linux-x86_64-fedora-gcc 0.3.0 59.11 NOTE
r-prerel-macos-arm64 0.3.0 21.00 NOTE
r-prerel-windows-x86_64 0.3.0 5.00 45.00 50.00 NOTE
r-patched-linux-x86_64 0.3.0 4.43 29.89 34.32 NOTE
r-release-linux-x86_64 0.3.0 3.89 28.14 32.03 NOTE
r-release-macos-arm64 0.3.0 25.00 NOTE
r-release-macos-x86_64 0.3.0 41.00 NOTE
r-release-windows-x86_64 0.3.0 7.00 45.00 52.00 NOTE
r-oldrel-macos-arm64 0.3.0 19.00 NOTE
r-oldrel-windows-x86_64 0.3.0 8.00 49.00 57.00 NOTE

Check Details

Version: 0.3.0
Check: LazyData
Result: NOTE 'LazyData' is specified without a 'data' directory Flavors: r-devel-linux-x86_64-debian-clang, r-devel-linux-x86_64-debian-gcc, r-devel-linux-x86_64-fedora-clang, r-devel-linux-x86_64-fedora-gcc, r-prerel-macos-arm64, r-prerel-windows-x86_64, r-patched-linux-x86_64, r-release-linux-x86_64, r-release-macos-arm64, r-release-macos-x86_64, r-release-windows-x86_64, r-oldrel-macos-arm64, r-oldrel-windows-x86_64