Last updated on 2023-03-29 06:53:28 CEST.
Flavor | Version | Tinstall | Tcheck | Ttotal | Status | Flags |
---|---|---|---|---|---|---|
r-devel-linux-x86_64-debian-clang | 0.1.1 | 16.95 | 166.11 | 183.06 | NOTE | |
r-devel-linux-x86_64-debian-gcc | 0.1.1 | 11.91 | 114.92 | 126.83 | NOTE | |
r-devel-linux-x86_64-fedora-clang | 0.1.1 | 231.34 | NOTE | |||
r-devel-linux-x86_64-fedora-gcc | 0.1.1 | 242.14 | NOTE | |||
r-devel-windows-x86_64 | 0.1.1 | 71.00 | 173.00 | 244.00 | NOTE | |
r-patched-linux-x86_64 | 0.1.1 | 15.05 | 159.78 | 174.83 | NOTE | |
r-release-linux-x86_64 | 0.1.1 | 10.26 | 163.52 | 173.78 | NOTE | |
r-release-macos-arm64 | 0.1.1 | 60.00 | NOTE | |||
r-release-macos-x86_64 | 0.1.1 | 78.00 | NOTE | |||
r-release-windows-x86_64 | 0.1.1 | 62.00 | 179.00 | 241.00 | NOTE | |
r-oldrel-macos-arm64 | 0.1.1 | 71.00 | NOTE | |||
r-oldrel-macos-x86_64 | 0.1.1 | 103.00 | NOTE | |||
r-oldrel-windows-ix86+x86_64 | 0.1.1 | 35.00 | 315.00 | 350.00 | NOTE |
Version: 0.1.1
Check: LazyData
Result: NOTE
'LazyData' is specified without a 'data' directory
Flavors: r-devel-linux-x86_64-debian-clang, r-devel-linux-x86_64-debian-gcc, r-devel-linux-x86_64-fedora-clang, r-devel-linux-x86_64-fedora-gcc, r-devel-windows-x86_64, r-patched-linux-x86_64, r-release-linux-x86_64, r-release-macos-arm64, r-release-macos-x86_64, r-release-windows-x86_64, r-oldrel-macos-arm64, r-oldrel-macos-x86_64, r-oldrel-windows-ix86+x86_64
Version: 0.1.1
Check: R code for possible problems
Result: NOTE
Initiating curl with CURL_SSL_BACKEND: openssl
Flavor: r-oldrel-windows-ix86+x86_64