CRAN Package Check Results for Package alookr

Last updated on 2021-04-20 17:50:38 CEST.

Flavor Version Tinstall Tcheck Ttotal Status Flags
r-devel-linux-x86_64-debian-clang 0.3.4 16.35 219.61 235.96 NOTE
r-devel-linux-x86_64-debian-gcc 0.3.4 12.62 164.75 177.37 NOTE
r-devel-linux-x86_64-fedora-clang 0.3.4 284.05 NOTE
r-devel-linux-x86_64-fedora-gcc 0.3.4 275.37 NOTE
r-devel-windows-ix86+x86_64 0.3.4 34.00 175.00 209.00 NOTE
r-devel-windows-x86_64-gcc10-UCRT 0.3.4 NOTE
r-patched-linux-x86_64 0.3.4 19.41 207.39 226.80 OK
r-patched-solaris-x86 0.3.4 446.00 OK
r-release-linux-x86_64 0.3.4 14.28 208.75 223.03 OK
r-release-macos-x86_64 0.3.4 OK
r-release-windows-ix86+x86_64 0.3.4 41.00 246.00 287.00 OK
r-oldrel-macos-x86_64 0.3.4 OK
r-oldrel-windows-ix86+x86_64 0.3.4 26.00 239.00 265.00 OK

Check Details

Version: 0.3.4
Check: LazyData
Result: NOTE
     'LazyData' is specified without a 'data' directory
Flavors: r-devel-linux-x86_64-debian-clang, r-devel-linux-x86_64-debian-gcc, r-devel-linux-x86_64-fedora-clang, r-devel-linux-x86_64-fedora-gcc, r-devel-windows-ix86+x86_64, r-devel-windows-x86_64-gcc10-UCRT