CRAN Package Check Results for Package alphahull

Last updated on 2021-06-25 11:52:19 CEST.

Flavor Version Tinstall Tcheck Ttotal Status Flags
r-devel-linux-x86_64-debian-clang 2.2 15.40 125.18 140.58 NOTE
r-devel-linux-x86_64-debian-gcc 2.2 12.28 93.06 105.34 NOTE
r-devel-linux-x86_64-fedora-clang 2.2 175.17 NOTE
r-devel-linux-x86_64-fedora-gcc 2.2 163.82 NOTE
r-devel-windows-x86_64 2.2 23.00 117.00 140.00 NOTE
r-devel-windows-x86_64-gcc10-UCRT 2.2 NOTE
r-patched-linux-x86_64 2.2 13.67 117.25 130.92 NOTE
r-patched-solaris-x86 2.2 229.30 NOTE
r-release-linux-x86_64 2.2 13.32 118.00 131.32 NOTE
r-release-macos-arm64 2.2 NOTE
r-release-macos-x86_64 2.2 NOTE
r-release-windows-ix86+x86_64 2.2 25.00 192.00 217.00 NOTE
r-oldrel-macos-x86_64 2.2 OK
r-oldrel-windows-ix86+x86_64 2.2 36.00 164.00 200.00 NOTE

Check Details

Version: 2.2
Check: R code for possible problems
Result: NOTE
    ahull_track: no visible global function definition for 'psp'
    ahull_track: no visible global function definition for 'owin'
    ahull_track: no visible global function definition for
     'runifpointOnLines'
    dw_track: no visible global function definition for 'psp'
    dw_track: no visible global function definition for 'owin'
    dw_track: no visible global function definition for 'runifpointOnLines'
    Undefined global functions or variables:
     owin psp runifpointOnLines
Flavors: r-devel-linux-x86_64-debian-clang, r-devel-linux-x86_64-debian-gcc, r-devel-linux-x86_64-fedora-clang, r-devel-linux-x86_64-fedora-gcc, r-devel-windows-x86_64, r-devel-windows-x86_64-gcc10-UCRT, r-patched-linux-x86_64, r-patched-solaris-x86, r-release-linux-x86_64, r-release-macos-arm64, r-release-macos-x86_64, r-release-windows-ix86+x86_64, r-oldrel-windows-ix86+x86_64