CRAN Package Check Results for Package altadata

Last updated on 2021-06-25 11:52:19 CEST.

Flavor Version Tinstall Tcheck Ttotal Status Flags
r-devel-linux-x86_64-debian-clang 0.1.1 1.89 21.28 23.17 NOTE
r-devel-linux-x86_64-debian-gcc 0.1.1 1.71 17.07 18.78 NOTE
r-devel-linux-x86_64-fedora-clang 0.1.1 37.79 NOTE
r-devel-linux-x86_64-fedora-gcc 0.1.1 27.83 NOTE
r-devel-windows-x86_64 0.1.1 4.00 28.00 32.00 NOTE
r-devel-windows-x86_64-gcc10-UCRT 0.1.1 NOTE
r-patched-linux-x86_64 0.1.1 2.28 20.71 22.99 NOTE
r-patched-solaris-x86 0.1.1 44.50 NOTE
r-release-linux-x86_64 0.1.1 2.02 20.68 22.70 NOTE
r-release-macos-arm64 0.1.1 NOTE
r-release-macos-x86_64 0.1.1 NOTE
r-release-windows-ix86+x86_64 0.1.1 4.00 27.00 31.00 NOTE
r-oldrel-macos-x86_64 0.1.1 OK
r-oldrel-windows-ix86+x86_64 0.1.1 5.00 31.00 36.00 OK

Check Details

Version: 0.1.1
Check: LazyData
Result: NOTE
     'LazyData' is specified without a 'data' directory
Flavors: r-devel-linux-x86_64-debian-clang, r-devel-linux-x86_64-debian-gcc, r-devel-linux-x86_64-fedora-clang, r-devel-linux-x86_64-fedora-gcc, r-devel-windows-x86_64, r-devel-windows-x86_64-gcc10-UCRT, r-patched-linux-x86_64, r-patched-solaris-x86, r-release-linux-x86_64, r-release-macos-arm64, r-release-macos-x86_64, r-release-windows-ix86+x86_64