CRAN Package Check Results for Package altair

Last updated on 2019-10-16 23:49:59 CEST.

Flavor Version Tinstall Tcheck Ttotal Status Flags
r-devel-linux-x86_64-debian-clang 3.1.1 5.58 61.73 67.31 OK
r-devel-linux-x86_64-debian-gcc 3.1.1 5.29 48.13 53.42 OK
r-devel-linux-x86_64-fedora-clang 3.1.1 79.84 NOTE
r-devel-linux-x86_64-fedora-gcc 3.1.1 78.68 NOTE
r-devel-windows-ix86+x86_64 3.1.1 20.00 103.00 123.00 OK
r-patched-linux-x86_64 3.1.1 5.62 57.74 63.36 OK
r-patched-solaris-x86 3.1.1 122.80 NOTE
r-release-linux-x86_64 3.1.1 5.59 58.01 63.60 OK
r-release-windows-ix86+x86_64 3.1.1 12.00 70.00 82.00 OK
r-release-osx-x86_64 3.1.1 NOTE
r-oldrel-windows-ix86+x86_64 3.1.1 7.00 66.00 73.00 OK
r-oldrel-osx-x86_64 3.1.1 NOTE

Check Details

Version: 3.1.1
Check: dependencies in R code
Result: NOTE
    Namespaces in Imports field not imported from:
     ‘jsonlite’ ‘rlang’
     All declared Imports should be used.
Flavors: r-devel-linux-x86_64-fedora-clang, r-devel-linux-x86_64-fedora-gcc, r-patched-solaris-x86, r-release-osx-x86_64, r-oldrel-osx-x86_64

Version: 3.1.1
Check: package dependencies
Result: NOTE
    Package suggested but not available for checking: ‘rsvg’
Flavor: r-patched-solaris-x86