CRAN Package Check Results for Package amen

Last updated on 2019-03-23 23:53:21 CET.

Flavor Version Tinstall Tcheck Ttotal Status Flags
r-devel-linux-x86_64-debian-clang 1.3 6.67 40.06 46.73 OK --no-vignettes
r-devel-linux-x86_64-debian-gcc 1.3 4.68 31.29 35.97 OK --no-vignettes
r-devel-linux-x86_64-fedora-clang 1.3 55.94 OK --no-build-vignettes
r-devel-linux-x86_64-fedora-gcc 1.3 53.27 OK --no-build-vignettes
r-devel-windows-ix86+x86_64 1.3 11.00 54.00 65.00 OK --no-vignettes
r-patched-linux-x86_64 1.3 4.74 38.26 43.00 OK --no-vignettes
r-patched-solaris-x86 1.3 73.90 OK --no-build-vignettes
r-release-linux-x86_64 1.3 0.44 2.97 3.41 ERROR --no-vignettes
r-release-windows-ix86+x86_64 1.3 8.00 47.00 55.00 OK --no-vignettes
r-release-osx-x86_64 1.3 FAIL
r-oldrel-windows-ix86+x86_64 1.3 5.00 64.00 69.00 OK --no-vignettes
r-oldrel-osx-x86_64 1.3 FAIL

Check Details

Version: 1.3
Flags: --no-vignettes
Check: whether package can be installed
Result: ERROR
    Installation failed.
Flavor: r-release-linux-x86_64

Version: 1.3
Check: re-building of vignette outputs
Result: WARN
    Error in re-building vignettes:
     ...
    Loading required package: network
    network: Classes for Relational Data
    Version 1.13.0.1 created on 2015-08-31.
    copyright (c) 2005, Carter T. Butts, University of California-Irvine
     Mark S. Handcock, University of California -- Los Angeles
     David R. Hunter, Penn State University
     Martina Morris, University of Washington
     Skye Bender-deMoll, University of Washington
     For citation information, type citation("network").
     Type help("network-package") to get started.
    
    
    Execution halted
Flavor: r-release-osx-x86_64

Version: 1.3
Check: PDF version of manual
Result: FAIL
    
Flavors: r-release-osx-x86_64, r-oldrel-osx-x86_64

Version: 1.3
Check: re-building of vignette outputs
Result: WARN
    Error in re-building vignettes:
     ...
    Loading required package: network
    network: Classes for Relational Data
    Version 1.14-377 created on 2019-03-04.
    copyright (c) 2005, Carter T. Butts, University of California-Irvine
     Mark S. Handcock, University of California -- Los Angeles
     David R. Hunter, Penn State University
     Martina Morris, University of Washington
     Skye Bender-deMoll, University of Washington
     For citation information, type citation("network").
     Type help("network-package") to get started.
    
    
    Execution halted
Flavor: r-oldrel-osx-x86_64