CRAN Package Check Results for Package amt

Last updated on 2019-03-20 11:52:22 CET.

Flavor Version Tinstall Tcheck Ttotal Status Flags
r-devel-linux-x86_64-debian-clang 0.0.5.0 48.27 189.16 237.43 WARN
r-devel-linux-x86_64-debian-gcc 0.0.6 36.47 160.81 197.28 OK
r-devel-linux-x86_64-fedora-clang 0.0.6 316.54 NOTE
r-devel-linux-x86_64-fedora-gcc 0.0.6 299.04 NOTE
r-devel-windows-ix86+x86_64 0.0.6 121.00 384.00 505.00 OK
r-patched-linux-x86_64 0.0.6 42.71 188.49 231.20 OK
r-patched-solaris-x86 0.0.6 378.10 NOTE
r-release-linux-x86_64 0.0.5.0 38.42 166.27 204.69 OK
r-release-windows-ix86+x86_64 0.0.5.0 67.00 230.00 297.00 OK
r-release-osx-x86_64 0.0.5.0 NOTE
r-oldrel-windows-ix86+x86_64 0.0.5.0 121.00 354.00 475.00 OK
r-oldrel-osx-x86_64 0.0.5.0 NOTE

Check Details

Version: 0.0.5.0
Check: whether package can be installed
Result: WARN
    Found the following significant warnings:
     track_methods.cpp:22:16: warning: using integer absolute value function 'abs' when argument is of floating point type [-Wabsolute-value]
     track_methods.cpp:23:16: warning: using integer absolute value function 'abs' when argument is of floating point type [-Wabsolute-value]
     track_methods.cpp:50:22: warning: using integer absolute value function 'abs' when argument is of floating point type [-Wabsolute-value]
     track_methods.cpp:52:22: warning: using integer absolute value function 'abs' when argument is of floating point type [-Wabsolute-value]
     track_methods.cpp:55:27: warning: using integer absolute value function 'abs' when argument is of floating point type [-Wabsolute-value]
     Warning: unable to re-encode 'data-sh.R' line 21
Flavor: r-devel-linux-x86_64-debian-clang

Version: 0.0.6
Check: dependencies in R code
Result: NOTE
    Namespaces in Imports field not imported from:
     ‘Rcpp’ ‘magrittr’
     All declared Imports should be used.
Flavors: r-devel-linux-x86_64-fedora-clang, r-devel-linux-x86_64-fedora-gcc, r-patched-solaris-x86

Version: 0.0.5.0
Check: dependencies in R code
Result: NOTE
    Namespaces in Imports field not imported from:
     ‘Rcpp’ ‘magrittr’
     All declared Imports should be used.
Flavors: r-release-osx-x86_64, r-oldrel-osx-x86_64