CRAN Package Check Results for Package analogsea

Last updated on 2020-11-29 11:48:27 CET.

Flavor Version Tinstall Tcheck Ttotal Status Flags
r-devel-linux-x86_64-debian-clang 0.9.0 6.06 40.46 46.52 OK
r-devel-linux-x86_64-debian-gcc 0.9.0 3.36 30.86 34.22 OK
r-devel-linux-x86_64-fedora-clang 0.9.0 58.97 OK
r-devel-linux-x86_64-fedora-gcc 0.9.0 49.93 OK
r-devel-windows-ix86+x86_64 0.9.0 8.00 54.00 62.00 OK
r-patched-linux-x86_64 0.9.0 6.43 39.64 46.07 OK
r-patched-solaris-x86 0.9.0 73.00 NOTE
r-release-linux-x86_64 0.9.0 5.92 39.30 45.22 OK
r-release-macos-x86_64 0.9.0 OK
r-release-windows-ix86+x86_64 0.9.0 7.00 44.00 51.00 OK
r-oldrel-macos-x86_64 0.9.0 OK
r-oldrel-windows-ix86+x86_64 0.9.0 8.00 46.00 54.00 OK

Check Details

Version: 0.9.0
Check: package dependencies
Result: NOTE
    Package suggested but not available for checking: ‘ssh’
Flavor: r-patched-solaris-x86