CRAN Package Check Results for Package anapuce

Last updated on 2021-06-25 11:52:19 CEST.

Flavor Version Tinstall Tcheck Ttotal Status Flags
r-devel-linux-x86_64-debian-clang 2.3 4.40 29.41 33.81 NOTE
r-devel-linux-x86_64-debian-gcc 2.3 2.86 23.02 25.88 NOTE
r-devel-linux-x86_64-fedora-clang 2.3 49.94 NOTE
r-devel-linux-x86_64-fedora-gcc 2.3 38.79 NOTE
r-devel-windows-x86_64 2.3 6.00 38.00 44.00 OK
r-devel-windows-x86_64-gcc10-UCRT 2.3 OK
r-patched-linux-x86_64 2.3 3.22 28.48 31.70 NOTE
r-patched-solaris-x86 2.3 57.10 NOTE
r-release-linux-x86_64 2.3 3.28 28.49 31.77 NOTE
r-release-macos-arm64 2.3 OK
r-release-macos-x86_64 2.3 OK
r-release-windows-ix86+x86_64 2.3 5.00 30.00 35.00 OK
r-oldrel-macos-x86_64 2.3 OK
r-oldrel-windows-ix86+x86_64 2.3 6.00 38.00 44.00 OK

Check Details

Version: 2.3
Check: for non-standard things in the check directory
Result: NOTE
    Found the following files/directories:
     'BH-0.05-ListOfGenes.txt' 'BH-0.05-VM-ListOfGenes.txt'
     'CompleteListOfGenes.txt' 'GenesOutOfAnalysis.txt'
     'GenesOutOfAnalysis_NotEnoughObs.txt'
     'GenesOutOfAnalysis_NullVar.txt' 'VM-CompleteListOfGenes.txt'
     'bonferroni-0.05-ListOfGenes.txt'
     'bonferroni-0.05-VM-ListOfGenes.txt'
Flavors: r-devel-linux-x86_64-debian-clang, r-devel-linux-x86_64-debian-gcc, r-devel-linux-x86_64-fedora-clang, r-devel-linux-x86_64-fedora-gcc, r-patched-linux-x86_64, r-patched-solaris-x86, r-release-linux-x86_64