CRAN Package Check Results for Package animalTrack

Last updated on 2021-06-25 11:52:19 CEST.

Flavor Version Tinstall Tcheck Ttotal Status Flags
r-devel-linux-x86_64-debian-clang 1.0.0 4.89 47.88 52.77 NOTE
r-devel-linux-x86_64-debian-gcc 1.0.0 3.92 37.58 41.50 NOTE
r-devel-linux-x86_64-fedora-clang 1.0.0 72.29 NOTE
r-devel-linux-x86_64-fedora-gcc 1.0.0 61.71 NOTE
r-devel-windows-x86_64 1.0.0 8.00 55.00 63.00 NOTE
r-devel-windows-x86_64-gcc10-UCRT 1.0.0 NOTE
r-patched-linux-x86_64 1.0.0 4.74 45.87 50.61 NOTE
r-patched-solaris-x86 1.0.0 87.30 NOTE
r-release-linux-x86_64 1.0.0 4.74 45.48 50.22 NOTE
r-release-macos-arm64 1.0.0 NOTE
r-release-macos-x86_64 1.0.0 NOTE
r-release-windows-ix86+x86_64 1.0.0 9.00 70.00 79.00 NOTE
r-oldrel-macos-x86_64 1.0.0 NOTE
r-oldrel-windows-ix86+x86_64 1.0.0 12.00 58.00 70.00 NOTE

Check Details

Version: 1.0.0
Check: DESCRIPTION meta-information
Result: NOTE
    Malformed Title field: should not end in a period.
Flavors: r-devel-linux-x86_64-debian-clang, r-devel-linux-x86_64-debian-gcc, r-devel-linux-x86_64-fedora-clang, r-devel-linux-x86_64-fedora-gcc, r-devel-windows-x86_64, r-devel-windows-x86_64-gcc10-UCRT, r-patched-linux-x86_64, r-patched-solaris-x86, r-release-linux-x86_64, r-release-macos-arm64, r-release-macos-x86_64, r-release-windows-ix86+x86_64, r-oldrel-macos-x86_64, r-oldrel-windows-ix86+x86_64