Last updated on 2024-05-11 11:48:09 CEST.
Flavor | Version | Tinstall | Tcheck | Ttotal | Status | Flags |
---|---|---|---|---|---|---|
r-devel-linux-x86_64-debian-clang | 0.3.9.4 | 7.46 | 49.92 | 57.38 | NOTE | |
r-devel-linux-x86_64-debian-gcc | 0.3.9.4 | 4.78 | 39.52 | 44.30 | NOTE | |
r-devel-linux-x86_64-fedora-clang | 0.3.9.4 | 73.04 | NOTE | |||
r-devel-linux-x86_64-fedora-gcc | 0.3.9.4 | 130.38 | NOTE | |||
r-devel-windows-x86_64 | 0.3.9.4 | 7.00 | 72.00 | 79.00 | NOTE | |
r-patched-linux-x86_64 | 0.3.9.4 | 5.94 | 49.51 | 55.45 | NOTE | |
r-release-linux-x86_64 | 0.3.9.4 | 5.69 | 49.75 | 55.44 | NOTE | |
r-release-macos-arm64 | 0.3.9.4 | 32.00 | NOTE | |||
r-release-windows-x86_64 | 0.3.9.4 | 7.00 | 66.00 | 73.00 | NOTE | |
r-oldrel-macos-arm64 | 0.3.9.4 | 36.00 | OK | |||
r-oldrel-macos-x86_64 | 0.3.9.4 | 54.00 | OK | |||
r-oldrel-windows-x86_64 | 0.3.9.4 | 8.00 | 70.00 | 78.00 | OK |
Version: 0.3.9.4
Check: Rd files
Result: NOTE
checkRd: (-1) animate.Rd:625-627: Lost braces
625 | group = function(...) {
| ^
Flavors: r-devel-linux-x86_64-debian-clang, r-devel-linux-x86_64-debian-gcc, r-devel-linux-x86_64-fedora-clang, r-devel-linux-x86_64-fedora-gcc, r-devel-windows-x86_64, r-patched-linux-x86_64, r-release-linux-x86_64, r-release-macos-arm64, r-release-windows-x86_64