CRAN Package Check Results for Package anomalize

Last updated on 2019-05-20 22:53:26 CEST.

Flavor Version Tinstall Tcheck Ttotal Status Flags
r-devel-linux-x86_64-debian-clang 0.1.1 5.38 100.52 105.90 OK
r-devel-linux-x86_64-debian-gcc 0.1.1 4.17 78.14 82.31 OK
r-devel-linux-x86_64-fedora-clang 0.1.1 122.90 NOTE
r-devel-linux-x86_64-fedora-gcc 0.1.1 119.57 OK
r-devel-windows-ix86+x86_64 0.1.1 20.00 162.00 182.00 NOTE
r-patched-linux-x86_64 0.1.1 5.40 99.52 104.92 OK
r-patched-solaris-x86 0.1.1 174.80 NOTE
r-release-linux-x86_64 0.1.1 5.89 98.93 104.82 OK
r-release-windows-ix86+x86_64 0.1.1 18.00 161.00 179.00 NOTE
r-release-osx-x86_64 0.1.1 NOTE
r-oldrel-windows-ix86+x86_64 0.1.1 6.00 102.00 108.00 NOTE
r-oldrel-osx-x86_64 0.1.1 NOTE

Check Details

Version: 0.1.1
Check: installed package size
Result: NOTE
     installed size is 5.4Mb
     sub-directories of 1Mb or more:
     help 4.7Mb
Flavors: r-devel-linux-x86_64-fedora-clang, r-devel-windows-ix86+x86_64, r-patched-solaris-x86, r-release-windows-ix86+x86_64, r-release-osx-x86_64, r-oldrel-windows-ix86+x86_64, r-oldrel-osx-x86_64