CRAN Package Check Results for Package anomalize

Last updated on 2019-03-20 23:52:01 CET.

Flavor Version Tinstall Tcheck Ttotal Status Flags
r-devel-linux-x86_64-debian-clang 0.1.1 6.30 103.80 110.10 OK
r-devel-linux-x86_64-debian-gcc 0.1.1 4.50 79.05 83.55 OK
r-devel-linux-x86_64-fedora-clang 0.1.1 125.63 NOTE
r-devel-linux-x86_64-fedora-gcc 0.1.1 120.28 OK
r-devel-windows-ix86+x86_64 0.1.1 18.00 169.00 187.00 NOTE
r-patched-linux-x86_64 0.1.1 4.10 96.22 100.32 OK
r-patched-solaris-x86 0.1.1 4.90 ERROR
r-release-linux-x86_64 0.1.1 3.82 96.94 100.76 OK
r-release-windows-ix86+x86_64 0.1.1 8.00 103.00 111.00 NOTE
r-release-osx-x86_64 0.1.1 NOTE
r-oldrel-windows-ix86+x86_64 0.1.1 12.00 181.00 193.00 NOTE
r-oldrel-osx-x86_64 0.1.1 NOTE

Check Details

Version: 0.1.1
Check: installed package size
Result: NOTE
     installed size is 5.4Mb
     sub-directories of 1Mb or more:
     help 4.7Mb
Flavors: r-devel-linux-x86_64-fedora-clang, r-devel-windows-ix86+x86_64, r-release-windows-ix86+x86_64, r-release-osx-x86_64, r-oldrel-windows-ix86+x86_64, r-oldrel-osx-x86_64

Version: 0.1.1
Check: package dependencies
Result: NOTE
    Package suggested but not available for checking: ‘tidyquant’
Flavor: r-patched-solaris-x86

Version: 0.1.1
Check: whether package can be installed
Result: ERROR
    Installation failed.
Flavor: r-patched-solaris-x86