Last updated on 2023-03-22 12:53:41 CET.
Flavor | Version | Tinstall | Tcheck | Ttotal | Status | Flags |
---|---|---|---|---|---|---|
r-devel-linux-x86_64-debian-clang | 1.3.2 | 5.82 | 50.81 | 56.63 | OK | |
r-devel-linux-x86_64-debian-gcc | 1.3.2 | 4.54 | 39.50 | 44.04 | OK | |
r-devel-linux-x86_64-fedora-clang | 1.3.2 | 75.06 | NOTE | |||
r-devel-linux-x86_64-fedora-gcc | 1.3.2 | 68.09 | OK | |||
r-devel-windows-x86_64 | 1.3.2 | 37.00 | 87.00 | 124.00 | OK | |
r-patched-linux-x86_64 | 1.3.2 | 6.40 | 48.89 | 55.29 | OK | |
r-release-linux-x86_64 | 1.3.2 | 6.66 | 49.28 | 55.94 | OK | |
r-release-macos-arm64 | 1.3.2 | 22.00 | OK | |||
r-release-macos-x86_64 | 1.3.2 | 37.00 | OK | |||
r-release-windows-x86_64 | 1.3.2 | 24.00 | 86.00 | 110.00 | OK | |
r-oldrel-macos-arm64 | 1.3.2 | 21.00 | OK | |||
r-oldrel-macos-x86_64 | 1.3.2 | 36.00 | OK | |||
r-oldrel-windows-ix86+x86_64 | 1.3.2 | 21.00 | 80.00 | 101.00 | OK |
Version: 1.3.2
Check: Rd cross-references
Result: NOTE
Undeclared packages ‘geepack’, ‘dispmod’ in Rd xrefs
Flavor: r-devel-linux-x86_64-fedora-clang