Last updated on 2023-03-22 11:54:29 CET.
Flavor | Version | Tinstall | Tcheck | Ttotal | Status | Flags |
---|---|---|---|---|---|---|
r-devel-linux-x86_64-debian-clang | 1.0.1 | 3.26 | 86.59 | 89.85 | OK | |
r-devel-linux-x86_64-debian-gcc | 1.0.1 | 2.40 | 66.30 | 68.70 | OK | |
r-devel-linux-x86_64-fedora-clang | 1.0.1 | 104.90 | OK | |||
r-devel-linux-x86_64-fedora-gcc | 1.0.1 | 106.17 | OK | |||
r-devel-windows-x86_64 | 1.0.1 | 22.00 | 196.00 | 218.00 | OK | |
r-patched-linux-x86_64 | 1.0.1 | 3.75 | 79.51 | 83.26 | OK | |
r-release-linux-x86_64 | 1.0.1 | 3.36 | 81.21 | 84.57 | OK | |
r-release-macos-arm64 | 1.0.1 | 97.00 | OK | |||
r-release-macos-x86_64 | 1.0.1 | 99.00 | OK | |||
r-release-windows-x86_64 | 1.0.1 | 22.00 | 156.00 | 178.00 | OK | |
r-oldrel-macos-arm64 | 1.0.1 | 219.00 | OK | |||
r-oldrel-macos-x86_64 | 1.0.1 | 159.00 | OK | |||
r-oldrel-windows-ix86+x86_64 | 1.0.1 | 9.00 | 164.00 | 173.00 | NOTE |
Version: 1.0.1
Check: dependencies in R code
Result: NOTE
Initiating curl with CURL_SSL_BACKEND: openssl
Flavor: r-oldrel-windows-ix86+x86_64