Last updated on 2023-03-23 05:50:15 CET.
Flavor | Version | Tinstall | Tcheck | Ttotal | Status | Flags |
---|---|---|---|---|---|---|
r-devel-linux-x86_64-debian-clang | 0.0.7 | 47.74 | 321.10 | 368.84 | NOTE | |
r-devel-linux-x86_64-debian-gcc | 0.0.7 | 43.02 | 247.76 | 290.78 | NOTE | |
r-devel-linux-x86_64-fedora-clang | 0.0.7 | 497.77 | NOTE | |||
r-devel-linux-x86_64-fedora-gcc | 0.0.7 | 483.08 | NOTE | |||
r-devel-windows-x86_64 | 0.0.7 | 66.00 | 370.00 | 436.00 | NOTE | |
r-patched-linux-x86_64 | 0.0.7 | 47.93 | 309.41 | 357.34 | OK | |
r-release-linux-x86_64 | 0.0.7 | 37.91 | 311.45 | 349.36 | OK | |
r-release-macos-arm64 | 0.0.7 | 147.00 | OK | |||
r-release-macos-x86_64 | 0.0.7 | 173.00 | OK | |||
r-release-windows-x86_64 | 0.0.7 | 75.00 | 378.00 | 453.00 | OK | |
r-oldrel-macos-arm64 | 0.0.7 | 144.00 | OK | |||
r-oldrel-macos-x86_64 | 0.0.7 | 189.00 | OK | |||
r-oldrel-windows-ix86+x86_64 | 0.0.7 | 118.00 | 484.00 | 602.00 | OK |
Version: 0.0.7
Check: C++ specification
Result: NOTE
Specified C++11: please drop specification unless essential
Flavors: r-devel-linux-x86_64-debian-clang, r-devel-linux-x86_64-debian-gcc, r-devel-linux-x86_64-fedora-clang, r-devel-linux-x86_64-fedora-gcc, r-devel-windows-x86_64