CRAN Package Check Results for Package apcf

Last updated on 2021-06-25 11:52:19 CEST.

Flavor Version Tinstall Tcheck Ttotal Status Flags
r-devel-linux-x86_64-debian-clang 0.1.5 59.44 45.31 104.75 NOTE
r-devel-linux-x86_64-debian-gcc 0.1.5 37.03 35.20 72.23 NOTE
r-devel-linux-x86_64-fedora-clang 0.1.5 156.47 NOTE
r-devel-linux-x86_64-fedora-gcc 0.1.5 133.94 NOTE
r-devel-windows-x86_64 0.1.5 89.00 153.00 242.00 NOTE
r-devel-windows-x86_64-gcc10-UCRT 0.1.5 NOTE
r-patched-linux-x86_64 0.1.5 46.03 44.72 90.75 NOTE
r-patched-solaris-x86 0.1.5 177.40 NOTE
r-release-linux-x86_64 0.1.5 47.01 44.00 91.01 NOTE
r-release-macos-arm64 0.1.5 NOTE
r-release-macos-x86_64 0.1.5 NOTE
r-release-windows-ix86+x86_64 0.1.5 154.00 372.00 526.00 NOTE
r-oldrel-macos-x86_64 0.1.5 NOTE
r-oldrel-windows-ix86+x86_64 0.1.5 159.00 368.00 527.00 NOTE

Check Details

Version: 0.1.5
Check: LazyData
Result: NOTE
     'LazyData' is specified without a 'data' directory
Flavors: r-devel-linux-x86_64-debian-clang, r-devel-linux-x86_64-debian-gcc, r-devel-linux-x86_64-fedora-clang, r-devel-linux-x86_64-fedora-gcc, r-devel-windows-x86_64, r-devel-windows-x86_64-gcc10-UCRT, r-patched-linux-x86_64, r-patched-solaris-x86, r-release-linux-x86_64, r-release-macos-arm64, r-release-macos-x86_64, r-release-windows-ix86+x86_64

Version: 0.1.5
Check: installed package size
Result: NOTE
     installed size is 38.3Mb
     sub-directories of 1Mb or more:
     gdal 3.8Mb
     libs 34.1Mb
Flavors: r-devel-windows-x86_64, r-release-macos-arm64, r-release-macos-x86_64, r-release-windows-ix86+x86_64, r-oldrel-macos-x86_64, r-oldrel-windows-ix86+x86_64