Last updated on 2024-03-29 06:56:20 CET.
Flavor | Version | Tinstall | Tcheck | Ttotal | Status | Flags |
---|---|---|---|---|---|---|
r-devel-linux-x86_64-debian-clang | 0.3-3 | 81.96 | 211.44 | 293.40 | NOTE | |
r-devel-linux-x86_64-debian-gcc | 0.3-3 | 65.05 | 157.57 | 222.62 | NOTE | |
r-devel-linux-x86_64-fedora-clang | 0.3-3 | 444.94 | NOTE | |||
r-devel-linux-x86_64-fedora-gcc | 0.3-3 | 389.16 | NOTE | |||
r-devel-windows-x86_64 | 0.3-3 | 64.00 | 182.00 | 246.00 | NOTE | |
r-patched-linux-x86_64 | 0.3-3 | 90.64 | 206.99 | 297.63 | NOTE | |
r-release-linux-x86_64 | 0.3-3 | 86.08 | 205.57 | 291.65 | OK | |
r-release-macos-arm64 | 0.3-3 | 127.00 | OK | |||
r-release-macos-x86_64 | 0.3-3 | 190.00 | OK | |||
r-release-windows-x86_64 | 0.3-3 | 79.00 | 240.00 | 319.00 | OK | |
r-oldrel-macos-arm64 | 0.3-3 | 104.00 | OK | |||
r-oldrel-windows-x86_64 | 0.3-3 | 73.00 | 232.00 | 305.00 | OK |
Version: 0.3-3
Check: Rd files
Result: NOTE
checkRd: (-1) aphylo-class.Rd:28: Lost braces; missing escapes or markup?
28 | \item{tip.type, node.type}{Integer vectors with values {0,1}. 0 denotes duplication node and 1 speciation node. This is used in \link{LogLike}.}
| ^
checkRd: (-1) raphylo.Rd:33: Lost braces; missing escapes or markup?
33 | \item{tip.type, node.type}{Integer vectors with values {0,1}. 0 denotes duplication node and 1 speciation node. This is used in \link{LogLike}.}
| ^
checkRd: (-1) sim_fun_on_tree.Rd:24: Lost braces; missing escapes or markup?
24 | \item{tip.type, node.type}{Integer vectors with values {0,1}. 0 denotes duplication node and 1 speciation node. This is used in \link{LogLike}.}
| ^
Flavors: r-devel-linux-x86_64-debian-clang, r-devel-linux-x86_64-debian-gcc, r-devel-linux-x86_64-fedora-clang, r-devel-linux-x86_64-fedora-gcc, r-devel-windows-x86_64, r-patched-linux-x86_64
Version: 0.3-3
Check: HTML version of manual
Result: NOTE
Found the following HTML validation problems:
mislabel.html:25:1 (mislabel.Rd:20): Warning: trimming empty <p>
raphylo.html:25:1 (raphylo.Rd:57): Warning: trimming empty <p>
sim_fun_on_tree.html:25:1 (sim_fun_on_tree.Rd:50): Warning: trimming empty <p>
Flavors: r-devel-linux-x86_64-debian-clang, r-devel-linux-x86_64-debian-gcc, r-devel-linux-x86_64-fedora-clang, r-devel-linux-x86_64-fedora-gcc, r-devel-windows-x86_64, r-patched-linux-x86_64