CRAN Package Check Results for Package aplpack

Last updated on 2024-02-22 00:58:23 CET.

Flavor Version Tinstall Tcheck Ttotal Status Flags
r-devel-linux-x86_64-debian-clang 1.3.5 NOTE
r-devel-linux-x86_64-debian-gcc 1.3.5 19.18 94.97 114.15 NOTE
r-devel-linux-x86_64-fedora-clang 1.3.5 233.27 NOTE
r-devel-linux-x86_64-fedora-gcc 1.3.5 209.50 NOTE
r-devel-windows-x86_64 1.3.5 19.00 108.00 127.00 OK
r-patched-linux-x86_64 1.3.5 21.23 126.87 148.10 OK
r-release-linux-x86_64 1.3.5 21.35 125.09 146.44 OK
r-release-macos-arm64 1.3.5 58.00 OK
r-release-macos-x86_64 1.3.5 98.00 OK
r-release-windows-x86_64 1.3.5 18.00 120.00 138.00 OK
r-oldrel-macos-arm64 1.3.5 93.00 OK
r-oldrel-windows-x86_64 1.3.5 43.00 151.00 194.00 OK

Check Details

Version: 1.3.5
Check: Rd files
Result: NOTE checkRd: (-1) iconplot.Rd:172: Lost braces 172 | the height of the area containing the panels and a margin of size code{100 * 0.1} | ^ Flavors: r-devel-linux-x86_64-debian-clang, r-devel-linux-x86_64-debian-gcc, r-devel-linux-x86_64-fedora-clang, r-devel-linux-x86_64-fedora-gcc