CRAN Package Check Results for Package apollo

Last updated on 2019-07-16 05:48:04 CEST.

Flavor Version Tinstall Tcheck Ttotal Status Flags
r-devel-linux-x86_64-debian-clang 0.0.7 48.23 135.00 183.23 NOTE
r-devel-linux-x86_64-debian-gcc 0.0.7 42.77 106.27 149.04 NOTE
r-devel-linux-x86_64-fedora-clang 0.0.7 231.88 OK
r-devel-linux-x86_64-fedora-gcc 0.0.7 231.90 OK
r-devel-windows-ix86+x86_64 0.0.7 139.00 336.00 475.00 OK
r-patched-linux-x86_64 0.0.7 45.87 137.98 183.85 NOTE
r-patched-solaris-x86 0.0.7 519.30 OK
r-release-linux-x86_64 0.0.7 45.67 135.13 180.80 NOTE
r-release-windows-ix86+x86_64 0.0.7 98.00 342.00 440.00 OK
r-release-osx-x86_64 0.0.7 OK
r-oldrel-windows-ix86+x86_64 0.0.7 112.00 337.00 449.00 OK
r-oldrel-osx-x86_64 0.0.7 OK

Check Details

Version: 0.0.7
Check: R code for possible problems
Result: NOTE
    Found the following calls to attach():
    File 'apollo/R/apollo_attach.R':
     attach(as.list(apollo_beta))
     attach(database)
     attach(draws)
     attach(randcoeff)
     attach(lcpars)
    See section 'Good practice' in '?attach'.
Flavors: r-devel-linux-x86_64-debian-clang, r-devel-linux-x86_64-debian-gcc, r-patched-linux-x86_64, r-release-linux-x86_64