CRAN Package Check Results for Package apollo

Last updated on 2019-05-22 05:48:10 CEST.

Flavor Version Tinstall Tcheck Ttotal Status Flags
r-devel-linux-x86_64-debian-clang 0.0.7 48.49 134.74 183.23 NOTE
r-devel-linux-x86_64-debian-gcc 0.0.7 39.14 106.07 145.21 NOTE
r-devel-linux-x86_64-fedora-clang 0.0.7 243.45 OK
r-devel-linux-x86_64-fedora-gcc 0.0.7 222.99 OK
r-devel-windows-ix86+x86_64 0.0.7 102.00 261.00 363.00 OK
r-patched-linux-x86_64 0.0.7 48.43 135.50 183.93 NOTE
r-patched-solaris-x86 0.0.7 515.50 OK
r-release-linux-x86_64 0.0.7 49.89 134.65 184.54 NOTE
r-release-windows-ix86+x86_64 0.0.7 136.00 339.00 475.00 OK
r-release-osx-x86_64 0.0.7 OK
r-oldrel-windows-ix86+x86_64 0.0.7 86.00 243.00 329.00 OK
r-oldrel-osx-x86_64 0.0.7 OK

Check Details

Version: 0.0.7
Check: R code for possible problems
Result: NOTE
    Found the following calls to attach():
    File 'apollo/R/apollo_attach.R':
     attach(as.list(apollo_beta))
     attach(database)
     attach(draws)
     attach(randcoeff)
     attach(lcpars)
    See section 'Good practice' in '?attach'.
Flavors: r-devel-linux-x86_64-debian-clang, r-devel-linux-x86_64-debian-gcc, r-patched-linux-x86_64, r-release-linux-x86_64