CRAN Package Check Results for Package appnn

Last updated on 2021-06-25 11:52:19 CEST.

Flavor Version Tinstall Tcheck Ttotal Status Flags
r-devel-linux-x86_64-debian-clang 1.0-0 1.88 20.35 22.23 NOTE
r-devel-linux-x86_64-debian-gcc 1.0-0 1.40 16.29 17.69 NOTE
r-devel-linux-x86_64-fedora-clang 1.0-0 36.64 NOTE
r-devel-linux-x86_64-fedora-gcc 1.0-0 26.32 NOTE
r-devel-windows-x86_64 1.0-0 3.00 30.00 33.00 NOTE
r-devel-windows-x86_64-gcc10-UCRT 1.0-0 NOTE
r-patched-linux-x86_64 1.0-0 1.92 19.80 21.72 NOTE
r-patched-solaris-x86 1.0-0 43.30 NOTE
r-release-linux-x86_64 1.0-0 1.82 19.84 21.66 NOTE
r-release-macos-arm64 1.0-0 NOTE
r-release-macos-x86_64 1.0-0 NOTE
r-release-windows-ix86+x86_64 1.0-0 4.00 23.00 27.00 NOTE
r-oldrel-macos-x86_64 1.0-0 OK
r-oldrel-windows-ix86+x86_64 1.0-0 4.00 29.00 33.00 OK

Check Details

Version: 1.0-0
Check: LazyData
Result: NOTE
     'LazyData' is specified without a 'data' directory
Flavors: r-devel-linux-x86_64-debian-clang, r-devel-linux-x86_64-debian-gcc, r-devel-linux-x86_64-fedora-clang, r-devel-linux-x86_64-fedora-gcc, r-devel-windows-x86_64, r-devel-windows-x86_64-gcc10-UCRT, r-patched-linux-x86_64, r-patched-solaris-x86, r-release-linux-x86_64, r-release-macos-arm64, r-release-macos-x86_64, r-release-windows-ix86+x86_64