Last updated on 2024-08-31 23:48:59 CEST.
Flavor | Version | Tinstall | Tcheck | Ttotal | Status | Flags |
---|---|---|---|---|---|---|
r-devel-linux-x86_64-debian-clang | 1.1.1 | 163.77 | 57.85 | 221.62 | OK | |
r-devel-linux-x86_64-debian-gcc | 1.1.1 | 120.75 | 47.42 | 168.17 | OK | |
r-devel-linux-x86_64-fedora-clang | 1.1.1 | 447.11 | OK | |||
r-devel-linux-x86_64-fedora-gcc | 1.1.1 | 475.72 | OK | |||
r-devel-windows-x86_64 | 1.1.1 | 175.00 | 116.00 | 291.00 | OK | |
r-patched-linux-x86_64 | 1.1.1 | 169.84 | 62.58 | 232.42 | OK | |
r-release-linux-x86_64 | 1.1.1 | 169.06 | 63.73 | 232.79 | OK | |
r-release-macos-arm64 | 1.1.1 | 103.00 | NOTE | |||
r-release-macos-x86_64 | 1.1.1 | 133.00 | NOTE | |||
r-release-windows-x86_64 | 1.1.1 | 177.00 | 122.00 | 299.00 | OK | |
r-oldrel-macos-arm64 | 1.1.1 | 110.00 | NOTE | |||
r-oldrel-macos-x86_64 | 1.1.1 | 190.00 | NOTE | |||
r-oldrel-windows-x86_64 | 1.1.1 | 206.00 | 134.00 | 340.00 | OK |
Version: 1.1.1
Check: installed package size
Result: NOTE
installed size is 33.2Mb
sub-directories of 1Mb or more:
libs 32.9Mb
Flavors: r-release-macos-arm64, r-release-macos-x86_64, r-oldrel-macos-arm64, r-oldrel-macos-x86_64