CRAN Package Check Results for Package aprof

Last updated on 2024-05-23 11:49:22 CEST.

Flavor Version Tinstall Tcheck Ttotal Status Flags
r-devel-linux-x86_64-debian-clang 0.4.1 2.32 23.35 25.67 OK
r-devel-linux-x86_64-debian-gcc 0.4.1 1.67 17.99 19.66 OK
r-devel-linux-x86_64-fedora-clang 0.4.1 34.97 NOTE
r-devel-linux-x86_64-fedora-gcc 0.4.1 31.16 NOTE
r-devel-windows-x86_64 0.4.1 4.00 40.00 44.00 OK
r-patched-linux-x86_64 0.4.1 2.24 22.22 24.46 OK
r-release-linux-x86_64 0.4.1 2.45 22.26 24.71 OK
r-release-macos-arm64 0.4.1 15.00 OK
r-release-windows-x86_64 0.4.1 3.00 41.00 44.00 OK
r-oldrel-macos-arm64 0.4.1 17.00 OK
r-oldrel-macos-x86_64 0.4.1 19.00 OK
r-oldrel-windows-x86_64 0.4.1 4.00 40.00 44.00 OK

Check Details

Version: 0.4.1
Check: dependencies in R code
Result: NOTE Namespace in Imports field not imported from: ‘testthat’ All declared Imports should be used. Flavors: r-devel-linux-x86_64-fedora-clang, r-devel-linux-x86_64-fedora-gcc