CRAN Package Check Results for Package aprof

Last updated on 2021-06-15 23:51:08 CEST.

Flavor Version Tinstall Tcheck Ttotal Status Flags
r-devel-linux-x86_64-debian-clang 0.4.1 2.75 23.47 26.22 OK
r-devel-linux-x86_64-debian-gcc 0.4.1 2.02 18.42 20.44 OK
r-devel-linux-x86_64-fedora-clang 0.4.1 40.95 NOTE
r-devel-linux-x86_64-fedora-gcc 0.4.1 30.38 NOTE
r-devel-windows-x86_64 0.4.1 5.00 38.00 43.00 OK
r-devel-windows-x86_64-gcc10-UCRT 0.4.1 NOTE
r-patched-linux-x86_64 0.4.1 2.57 22.79 25.36 OK
r-patched-solaris-x86 0.4.1 48.90 NOTE
r-release-linux-x86_64 0.4.1 2.66 22.87 25.53 OK
r-release-macos-arm64 0.4.1 NOTE
r-release-macos-x86_64 0.4.1 NOTE
r-release-windows-ix86+x86_64 0.4.1 6.00 37.00 43.00 OK
r-oldrel-macos-x86_64 0.4.1 NOTE
r-oldrel-windows-ix86+x86_64 0.4.1 6.00 96.00 102.00 OK

Check Details

Version: 0.4.1
Check: dependencies in R code
Result: NOTE
    Namespace in Imports field not imported from: ‘testthat’
     All declared Imports should be used.
Flavors: r-devel-linux-x86_64-fedora-clang, r-devel-linux-x86_64-fedora-gcc, r-devel-windows-x86_64-gcc10-UCRT, r-patched-solaris-x86, r-release-macos-arm64, r-release-macos-x86_64, r-oldrel-macos-x86_64