CRAN Package Check Results for Package apsimx

Last updated on 2021-06-25 05:51:41 CEST.

Flavor Version Tinstall Tcheck Ttotal Status Flags
r-devel-linux-x86_64-debian-clang 1.977 13.13 135.03 148.16 OK
r-devel-linux-x86_64-debian-gcc 1.977 10.14 102.40 112.54 OK
r-devel-linux-x86_64-fedora-clang 1.977 185.23 NOTE
r-devel-linux-x86_64-fedora-gcc 1.977 175.05 OK
r-devel-windows-x86_64 1.977 21.00 127.00 148.00 NOTE
r-devel-windows-x86_64-gcc10-UCRT 1.977 OK
r-patched-linux-x86_64 1.977 11.39 128.66 140.05 OK
r-patched-solaris-x86 1.977 243.90 NOTE
r-release-linux-x86_64 1.977 13.42 128.49 141.91 OK
r-release-macos-arm64 1.977 ERROR
r-release-macos-x86_64 1.977 NOTE
r-release-windows-ix86+x86_64 1.977 24.00 127.00 151.00 NOTE
r-oldrel-macos-x86_64 1.977 NOTE
r-oldrel-windows-ix86+x86_64 1.977 24.00 149.00 173.00 NOTE

Check Details

Version: 1.977
Check: installed package size
Result: NOTE
     installed size is 7.4Mb
     sub-directories of 1Mb or more:
     extdata 6.4Mb
Flavors: r-devel-linux-x86_64-fedora-clang, r-devel-windows-x86_64, r-patched-solaris-x86, r-release-macos-arm64, r-release-macos-x86_64, r-release-windows-ix86+x86_64, r-oldrel-macos-x86_64, r-oldrel-windows-ix86+x86_64

Version: 1.977
Check: package dependencies
Result: NOTE
    Packages suggested but not available for checking: 'FedData', 'sf'
Flavor: r-release-macos-arm64

Version: 1.977
Check: Rd cross-references
Result: NOTE
    Package unavailable to check Rd xrefs: ‘FedData’
Flavor: r-release-macos-arm64

Version: 1.977
Check: tests
Result: ERROR
     Running ‘test_apsim_swim.R’ [0s/1s]
     Running ‘test_apsimx_factorial.R’ [0s/1s]
     Running ‘test_classic_examples.r’ [0s/0s]
     Running ‘test_compare_apsim.R’ [0s/1s]
     Running ‘test_edit.R’ [0s/1s]
     Running ‘test_edit_apsim_replace_soil_profile.R’ [0s/1s]
     Running ‘test_edit_apsim_xml.R’ [0s/1s]
     Running ‘test_edit_apsimx_replacement.R’ [0s/1s]
     Running ‘test_edit_batch.R’ [0s/0s]
     Running ‘test_examples.R’ [0s/0s]
     Running ‘test_extract_values_apsimx.R’ [0s/0s]
     Running ‘test_get_daymet_apsim_met.R’ [0s/0s]
    Running the tests in ‘tests/test_get_daymet_apsim_met.R’ failed.
    Complete output:
     > ## Testing the get_daymet_apsim_met function
     > ## Note (2020-02-09)
     > ## I've ran this test several times now on Mac and Windows
     > ## I won't run it again until it is needed
     > ## However, note that the source of weather data can
     > ## have a large impact on final yield estimates
     > ## the difference is 171.1547 g per meter squared
     > ## with higher values for power over daymet
     > ## Note (2020-06-15): This takes for ever, I'm not running it for a while
     > library(FedData)
     Error in library(FedData) : there is no package called 'FedData'
     Execution halted
Flavor: r-release-macos-arm64