CRAN Package Check Results for Package aptg

Last updated on 2021-06-15 23:51:08 CEST.

Flavor Version Tinstall Tcheck Ttotal Status Flags
r-devel-linux-x86_64-debian-clang 0.1.1 9.88 90.02 99.90 NOTE --no-vignettes
r-devel-linux-x86_64-debian-gcc 0.1.1 8.13 69.21 77.34 NOTE --no-vignettes
r-devel-linux-x86_64-fedora-clang 0.1.1 141.43 NOTE
r-devel-linux-x86_64-fedora-gcc 0.1.1 129.23 NOTE
r-devel-windows-x86_64 0.1.1 17.00 113.00 130.00 NOTE --no-vignettes
r-devel-windows-x86_64-gcc10-UCRT 0.1.1 NOTE
r-patched-linux-x86_64 0.1.1 9.15 86.35 95.50 NOTE --no-vignettes
r-patched-solaris-x86 0.1.1 199.00 NOTE
r-release-linux-x86_64 0.1.1 10.01 85.69 95.70 NOTE --no-vignettes
r-release-macos-arm64 0.1.1 NOTE
r-release-macos-x86_64 0.1.1 NOTE
r-release-windows-ix86+x86_64 0.1.1 26.00 81.00 107.00 NOTE --no-vignettes
r-oldrel-macos-x86_64 0.1.1 OK
r-oldrel-windows-ix86+x86_64 0.1.1 30.00 113.00 143.00 OK --no-vignettes

Check Details

Version: 0.1.1
Flags: --no-vignettes
Check: LazyData
Result: NOTE
     'LazyData' is specified without a 'data' directory
Flavors: r-devel-linux-x86_64-debian-clang, r-devel-linux-x86_64-debian-gcc, r-devel-windows-x86_64, r-patched-linux-x86_64, r-release-linux-x86_64, r-release-windows-ix86+x86_64

Version: 0.1.1
Check: LazyData
Result: NOTE
     'LazyData' is specified without a 'data' directory
Flavors: r-devel-linux-x86_64-fedora-clang, r-devel-linux-x86_64-fedora-gcc, r-devel-windows-x86_64-gcc10-UCRT, r-patched-solaris-x86, r-release-macos-arm64, r-release-macos-x86_64