CRAN Package Check Results for Package arabicStemR

Last updated on 2021-06-25 05:51:41 CEST.

Flavor Version Tinstall Tcheck Ttotal Status Flags
r-devel-linux-x86_64-debian-clang 1.2 2.98 31.00 33.98 OK
r-devel-linux-x86_64-debian-gcc 1.2 2.29 23.72 26.01 OK
r-devel-linux-x86_64-fedora-clang 1.2 50.28 NOTE
r-devel-linux-x86_64-fedora-gcc 1.2 39.64 NOTE
r-devel-windows-x86_64 1.2 4.00 46.00 50.00 OK
r-devel-windows-x86_64-gcc10-UCRT 1.2 NOTE
r-patched-linux-x86_64 1.2 2.90 30.09 32.99 OK
r-patched-solaris-x86 1.2 57.90 NOTE
r-release-linux-x86_64 1.2 2.45 29.94 32.39 OK
r-release-macos-arm64 1.2 NOTE
r-release-macos-x86_64 1.2 NOTE
r-release-windows-ix86+x86_64 1.2 5.00 37.00 42.00 OK
r-oldrel-macos-x86_64 1.2 NOTE
r-oldrel-windows-ix86+x86_64 1.2 4.00 50.00 54.00 OK

Check Details

Version: 1.2
Check: data for non-ASCII characters
Result: NOTE
     Note: found 1 marked UTF-8 string
Flavors: r-devel-linux-x86_64-fedora-clang, r-devel-linux-x86_64-fedora-gcc, r-devel-windows-x86_64-gcc10-UCRT, r-patched-solaris-x86, r-release-macos-arm64, r-release-macos-x86_64, r-oldrel-macos-x86_64