Last updated on 2024-08-31 23:48:59 CEST.
Flavor | Version | Tinstall | Tcheck | Ttotal | Status | Flags |
---|---|---|---|---|---|---|
r-devel-linux-x86_64-debian-clang | 1.2-1 | 1.21 | 30.67 | 31.88 | OK | |
r-devel-linux-x86_64-debian-gcc | 1.2-1 | 1.23 | 24.67 | 25.90 | OK | |
r-devel-linux-x86_64-fedora-clang | 1.2-1 | 51.48 | NOTE | |||
r-devel-linux-x86_64-fedora-gcc | 1.2-1 | 50.28 | NOTE | |||
r-devel-windows-x86_64 | 1.2-1 | 2.00 | 68.00 | 70.00 | OK | |
r-patched-linux-x86_64 | 1.2-1 | 2.31 | 29.77 | 32.08 | OK | |
r-release-linux-x86_64 | 1.2-1 | 1.40 | 30.12 | 31.52 | OK | |
r-release-macos-arm64 | 1.2-1 | 22.00 | OK | |||
r-release-macos-x86_64 | 1.2-1 | 34.00 | OK | |||
r-release-windows-x86_64 | 1.2-1 | 3.00 | 70.00 | 73.00 | OK | |
r-oldrel-macos-arm64 | 1.2-1 | 23.00 | OK | |||
r-oldrel-macos-x86_64 | 1.2-1 | 33.00 | OK | |||
r-oldrel-windows-x86_64 | 1.2-1 | 4.00 | 74.00 | 78.00 | OK |
Version: 1.2-1
Check: data for non-ASCII characters
Result: NOTE
Note: found 76 marked Latin-1 strings
Flavors: r-devel-linux-x86_64-fedora-clang, r-devel-linux-x86_64-fedora-gcc