CRAN Package Check Results for Package archeofrag

Last updated on 2021-06-25 11:52:19 CEST.

Flavor Version Tinstall Tcheck Ttotal Status Flags
r-devel-linux-x86_64-debian-clang 0.7 7.00 82.31 89.31 OK
r-devel-linux-x86_64-debian-gcc 0.7 5.27 62.42 67.69 OK
r-devel-linux-x86_64-fedora-clang 0.7 115.75 OK
r-devel-linux-x86_64-fedora-gcc 0.7 106.15 OK
r-devel-windows-x86_64 0.7 13.00 83.00 96.00 OK
r-devel-windows-x86_64-gcc10-UCRT 0.7 OK
r-patched-linux-x86_64 0.7 6.47 78.91 85.38 OK
r-patched-solaris-x86 0.7 155.10 OK
r-release-linux-x86_64 0.7 6.25 79.29 85.54 OK
r-release-macos-arm64 0.7 ERROR
r-release-macos-x86_64 0.7 OK
r-release-windows-ix86+x86_64 0.7 16.00 113.00 129.00 OK
r-oldrel-macos-x86_64 0.7 OK
r-oldrel-windows-ix86+x86_64 0.7 16.00 109.00 125.00 OK

Check Details

Version: 0.7
Check: package dependencies
Result: ERROR
    Package required but not available: ‘RBGL’
    
    See section ‘The DESCRIPTION file’ in the ‘Writing R Extensions’
    manual.
Flavor: r-release-macos-arm64