CRAN Package Check Results for Package archive

Last updated on 2024-06-13 11:48:03 CEST.

Flavor Version Tinstall Tcheck Ttotal Status Flags
r-devel-linux-x86_64-debian-clang 1.1.8 32.37 48.49 80.86 OK
r-devel-linux-x86_64-debian-gcc 1.1.8 0.42 1.56 1.98 ERROR
r-devel-linux-x86_64-fedora-clang 1.1.8 117.78 OK
r-devel-linux-x86_64-fedora-gcc 1.1.8 106.86 OK
r-devel-windows-x86_64 1.1.8 53.00 80.00 133.00 OK
r-patched-linux-x86_64 1.1.8 26.24 46.67 72.91 OK
r-release-linux-x86_64 1.1.8 25.58 47.28 72.86 OK
r-release-macos-arm64 1.1.8 37.00 OK
r-release-macos-x86_64 1.1.8 51.00 OK
r-release-windows-x86_64 1.1.8 55.00 82.00 137.00 OK
r-oldrel-macos-arm64 1.1.8 39.00 OK
r-oldrel-macos-x86_64 1.1.8 55.00 OK
r-oldrel-windows-x86_64 1.1.8 60.00 95.00 155.00 OK

Additional issues

rchk

Check Details

Version: 1.1.8
Check: package dependencies
Result: ERROR Package required but not available: ‘tibble’ Package suggested but not available for checking: ‘testthat’ See section ‘The DESCRIPTION file’ in the ‘Writing R Extensions’ manual. Flavor: r-devel-linux-x86_64-debian-gcc