CRAN Package Check Results for Package archivist

Last updated on 2019-07-16 05:48:04 CEST.

Flavor Version Tinstall Tcheck Ttotal Status Flags
r-devel-linux-x86_64-debian-clang 2.3.2 8.02 69.00 77.02 NOTE
r-devel-linux-x86_64-debian-gcc 2.3.2 6.84 53.82 60.66 NOTE
r-devel-linux-x86_64-fedora-clang 2.3.2 93.30 NOTE
r-devel-linux-x86_64-fedora-gcc 2.3.2 87.92 NOTE
r-devel-windows-ix86+x86_64 2.3.2 24.00 120.00 144.00 OK
r-patched-linux-x86_64 2.3.2 7.91 68.01 75.92 OK
r-patched-solaris-x86 2.3.2 142.80 OK
r-release-linux-x86_64 2.3.2 7.51 67.27 74.78 OK
r-release-windows-ix86+x86_64 2.3.2 17.00 126.00 143.00 OK
r-release-osx-x86_64 2.3.2 OK
r-oldrel-windows-ix86+x86_64 2.3.2 16.00 126.00 142.00 OK
r-oldrel-osx-x86_64 2.3.2 OK

Check Details

Version: 2.3.2
Check: for non-standard things in the check directory
Result: NOTE
    Found the following files/directories:
     'arepo_test'
Flavors: r-devel-linux-x86_64-debian-clang, r-devel-linux-x86_64-debian-gcc, r-devel-linux-x86_64-fedora-clang, r-devel-linux-x86_64-fedora-gcc