Last updated on 2023-09-30 17:59:45 CEST.
Flavor | Version | Tinstall | Tcheck | Ttotal | Status | Flags |
---|---|---|---|---|---|---|
r-devel-linux-x86_64-debian-clang | 1.2.3 | 11.85 | 94.30 | 106.15 | NOTE | |
r-devel-linux-x86_64-debian-gcc | 1.2.3 | 10.19 | 68.04 | 78.23 | NOTE | |
r-devel-linux-x86_64-fedora-clang | 1.2.3 | 129.45 | NOTE | |||
r-devel-linux-x86_64-fedora-gcc | 1.2.3 | 128.70 | NOTE | |||
r-devel-windows-x86_64 | 1.2.3 | 14.00 | 82.00 | 96.00 | NOTE | |
r-patched-linux-x86_64 | 1.2.3 | 12.02 | 87.62 | 99.64 | OK | |
r-release-linux-x86_64 | 1.2.3 | 13.35 | 90.71 | 104.06 | OK | |
r-release-macos-arm64 | 1.2.3 | 39.00 | OK | |||
r-release-macos-x86_64 | 1.2.3 | 61.00 | OK | |||
r-release-windows-x86_64 | 1.2.3 | 17.00 | 101.00 | 118.00 | OK | |
r-oldrel-macos-arm64 | 1.2.3 | 38.00 | OK | |||
r-oldrel-macos-x86_64 | 1.2.3 | 50.00 | OK | |||
r-oldrel-windows-x86_64 | 1.2.3 | 18.00 | 101.00 | 119.00 | OK |
Version: 1.2.3
Check: Rd contents
Result: NOTE
Argument items with no description in Rd object 'dynamac_pkg_bounds_test':
‘obs’ ‘fstat’ ‘tstat’ ‘case’ ‘k’
Flavors: r-devel-linux-x86_64-debian-clang, r-devel-linux-x86_64-debian-gcc, r-devel-linux-x86_64-fedora-clang, r-devel-linux-x86_64-fedora-gcc, r-devel-windows-x86_64