CRAN Package Check Results for Package area

Last updated on 2024-04-22 17:56:42 CEST.

Flavor Version Tinstall Tcheck Ttotal Status Flags
r-devel-linux-x86_64-debian-clang 0.2.0 8.19 23.33 31.52 OK
r-devel-linux-x86_64-debian-gcc 0.2.0 5.44 18.57 24.01 OK
r-devel-linux-x86_64-fedora-clang 0.2.0 45.73 NOTE
r-devel-linux-x86_64-fedora-gcc 0.2.0 40.61 NOTE
r-prerel-macos-arm64 0.2.0 18.00 OK
r-prerel-windows-x86_64 0.2.0 8.00 44.00 52.00 OK
r-patched-linux-x86_64 0.2.0 6.90 22.45 29.35 OK
r-release-linux-x86_64 0.2.0 7.46 23.18 30.64 OK
r-release-macos-arm64 0.2.0 36.00 OK
r-release-macos-x86_64 0.2.0 42.00 OK
r-release-windows-x86_64 0.2.0 10.00 46.00 56.00 OK
r-oldrel-macos-arm64 0.2.0 26.00 OK
r-oldrel-windows-x86_64 0.2.0 9.00 49.00 58.00 OK

Check Details

Version: 0.2.0
Check: compiled code
Result: NOTE File ‘area/libs/area.so’: Found non-API calls to R: ‘SETLENGTH’, ‘SET_TRUELENGTH’ Compiled code should not call non-API entry points in R. See ‘Writing portable packages’ in the ‘Writing R Extensions’ manual. Flavors: r-devel-linux-x86_64-fedora-clang, r-devel-linux-x86_64-fedora-gcc