CRAN Package Check Results for Package areabiplot

Last updated on 2024-05-26 06:01:50 CEST.

Flavor Version Tinstall Tcheck Ttotal Status Flags
r-devel-linux-x86_64-debian-clang 1.0.0 2.17 24.73 26.90 NOTE
r-devel-linux-x86_64-debian-gcc 1.0.0 1.61 19.14 20.75 NOTE
r-devel-linux-x86_64-fedora-clang 1.0.0 35.61 NOTE
r-devel-linux-x86_64-fedora-gcc 1.0.0 32.28 NOTE
r-devel-windows-x86_64 1.0.0 2.00 47.00 49.00 NOTE
r-patched-linux-x86_64 1.0.0 2.27 24.33 26.60 NOTE
r-release-linux-x86_64 1.0.0 1.80 23.61 25.41 NOTE
r-release-macos-arm64 1.0.0 16.00 NOTE
r-release-windows-x86_64 1.0.0 3.00 47.00 50.00 NOTE
r-oldrel-macos-arm64 1.0.0 18.00 NOTE
r-oldrel-macos-x86_64 1.0.0 21.00 NOTE
r-oldrel-windows-x86_64 1.0.0 2.00 45.00 47.00 NOTE

Check Details

Version: 1.0.0
Check: LazyData
Result: NOTE 'LazyData' is specified without a 'data' directory Flavors: r-devel-linux-x86_64-debian-clang, r-devel-linux-x86_64-debian-gcc, r-devel-linux-x86_64-fedora-clang, r-devel-linux-x86_64-fedora-gcc, r-devel-windows-x86_64, r-patched-linux-x86_64, r-release-linux-x86_64, r-release-macos-arm64, r-release-windows-x86_64, r-oldrel-macos-arm64, r-oldrel-macos-x86_64, r-oldrel-windows-x86_64