CRAN Package Check Results for Package arena2r

Last updated on 2019-10-10 05:47:30 CEST.

Flavor Version Tinstall Tcheck Ttotal Status Flags
r-devel-linux-x86_64-debian-clang 1.0.0 2.38 34.34 36.72 OK
r-devel-linux-x86_64-debian-gcc 1.0.0 1.88 26.90 28.78 OK
r-devel-linux-x86_64-fedora-clang 1.0.0 45.16 NOTE
r-devel-linux-x86_64-fedora-gcc 1.0.0 43.36 NOTE
r-devel-windows-ix86+x86_64 1.0.0 9.00 44.00 53.00 OK
r-patched-linux-x86_64 1.0.0 2.11 32.96 35.07 OK
r-patched-solaris-x86 1.0.0 57.90 NOTE
r-release-linux-x86_64 1.0.0 1.93 32.92 34.85 OK
r-release-windows-ix86+x86_64 1.0.0 10.00 59.00 69.00 OK
r-release-osx-x86_64 1.0.0 NOTE
r-oldrel-windows-ix86+x86_64 1.0.0 4.00 39.00 43.00 OK
r-oldrel-osx-x86_64 1.0.0 NOTE

Check Details

Version: 1.0.0
Check: dependencies in R code
Result: NOTE
    Namespaces in Imports field not imported from:
     ‘purrr’ ‘shinyBS’ ‘shinydashboard’ ‘shinyjs’
     All declared Imports should be used.
Flavors: r-devel-linux-x86_64-fedora-clang, r-devel-linux-x86_64-fedora-gcc, r-patched-solaris-x86, r-release-osx-x86_64, r-oldrel-osx-x86_64