CRAN Package Check Results for Package arena2r

Last updated on 2021-06-25 05:51:41 CEST.

Flavor Version Tinstall Tcheck Ttotal Status Flags
r-devel-linux-x86_64-debian-clang 1.0.0 2.50 34.92 37.42 OK
r-devel-linux-x86_64-debian-gcc 1.0.0 2.10 27.32 29.42 OK
r-devel-linux-x86_64-fedora-clang 1.0.0 55.14 NOTE
r-devel-linux-x86_64-fedora-gcc 1.0.0 49.80 NOTE
r-devel-windows-x86_64 1.0.0 6.00 42.00 48.00 OK
r-devel-windows-x86_64-gcc10-UCRT 1.0.0 NOTE
r-patched-linux-x86_64 1.0.0 2.25 33.83 36.08 OK
r-patched-solaris-x86 1.0.0 69.80 NOTE
r-release-linux-x86_64 1.0.0 2.28 33.63 35.91 OK
r-release-macos-arm64 1.0.0 NOTE
r-release-macos-x86_64 1.0.0 NOTE
r-release-windows-ix86+x86_64 1.0.0 8.00 40.00 48.00 OK
r-oldrel-macos-x86_64 1.0.0 NOTE
r-oldrel-windows-ix86+x86_64 1.0.0 7.00 43.00 50.00 OK

Check Details

Version: 1.0.0
Check: dependencies in R code
Result: NOTE
    Namespaces in Imports field not imported from:
     ‘purrr’ ‘shinyBS’ ‘shinydashboard’ ‘shinyjs’
     All declared Imports should be used.
Flavors: r-devel-linux-x86_64-fedora-clang, r-devel-linux-x86_64-fedora-gcc, r-devel-windows-x86_64-gcc10-UCRT, r-patched-solaris-x86, r-release-macos-arm64, r-release-macos-x86_64, r-oldrel-macos-x86_64