Last updated on 2023-03-30 11:54:19 CEST.
Flavor | Version | Tinstall | Tcheck | Ttotal | Status | Flags |
---|---|---|---|---|---|---|
r-devel-linux-x86_64-debian-clang | 1.0.0 | 3.33 | 41.03 | 44.36 | OK | |
r-devel-linux-x86_64-debian-gcc | 1.0.0 | 2.38 | 31.71 | 34.09 | OK | |
r-devel-linux-x86_64-fedora-clang | 1.0.0 | 56.12 | NOTE | |||
r-devel-linux-x86_64-fedora-gcc | 1.0.0 | 65.16 | NOTE | |||
r-devel-windows-x86_64 | 1.0.0 | 27.00 | 77.00 | 104.00 | OK | |
r-patched-linux-x86_64 | 1.0.0 | 3.05 | 39.58 | 42.63 | OK | |
r-release-linux-x86_64 | 1.0.0 | 2.58 | 41.35 | 43.93 | OK | |
r-release-macos-arm64 | 1.0.0 | 23.00 | NOTE | |||
r-release-macos-x86_64 | 1.0.0 | 43.00 | NOTE | |||
r-release-windows-x86_64 | 1.0.0 | 36.00 | 76.00 | 112.00 | OK | |
r-oldrel-macos-arm64 | 1.0.0 | 31.00 | NOTE | |||
r-oldrel-macos-x86_64 | 1.0.0 | 36.00 | NOTE | |||
r-oldrel-windows-ix86+x86_64 | 1.0.0 | 9.00 | 76.00 | 85.00 | OK |
Version: 1.0.0
Check: dependencies in R code
Result: NOTE
Namespaces in Imports field not imported from:
‘purrr’ ‘shinyBS’ ‘shinydashboard’ ‘shinyjs’
All declared Imports should be used.
Flavors: r-devel-linux-x86_64-fedora-clang, r-devel-linux-x86_64-fedora-gcc, r-release-macos-arm64, r-release-macos-x86_64, r-oldrel-macos-arm64, r-oldrel-macos-x86_64