CRAN Package Check Results for Package argoFloats

Last updated on 2024-06-13 18:49:40 CEST.

Flavor Version Tinstall Tcheck Ttotal Status Flags
r-devel-linux-x86_64-debian-clang 1.0.7 75.83 136.91 212.74 OK
r-devel-linux-x86_64-debian-gcc 1.0.7 61.00 84.13 145.13 ERROR
r-devel-linux-x86_64-fedora-clang 1.0.7 289.80 OK
r-devel-linux-x86_64-fedora-gcc 1.0.7 283.56 OK
r-devel-windows-x86_64 1.0.7 58.00 127.00 185.00 OK
r-patched-linux-x86_64 1.0.7 64.13 135.43 199.56 OK
r-release-linux-x86_64 1.0.7 71.51 135.56 207.07 OK
r-release-macos-arm64 1.0.7 92.00 ERROR
r-release-macos-x86_64 1.0.7 135.00 OK
r-release-windows-x86_64 1.0.7 56.00 129.00 185.00 OK
r-oldrel-macos-arm64 1.0.7 116.00 OK
r-oldrel-macos-x86_64 1.0.7 233.00 OK
r-oldrel-windows-x86_64 1.0.7 77.00 149.00 226.00 OK

Check Details

Version: 1.0.7
Check: package dependencies
Result: NOTE Packages suggested but not available for checking: 'colourpicker', 'lubridate', 'testthat' Flavor: r-devel-linux-x86_64-debian-gcc

Version: 1.0.7
Check: tests
Result: ERROR Running ‘testthat.R’ [0s/1s] Running the tests in ‘tests/testthat.R’ failed. Complete output: > library(testthat) Error in library(testthat) : there is no package called 'testthat' Execution halted Flavor: r-devel-linux-x86_64-debian-gcc

Version: 1.0.7
Check: tests
Result: ERROR Running ‘testthat.R’ [5s/23s] Running the tests in ‘tests/testthat.R’ failed. Last 13 lines of output: Backtrace: ▆ 1. ├─testthat::expect_silent(...) at test_download.R:10:15 2. │ └─testthat:::quasi_capture(enquo(object), NULL, evaluate_promise) 3. │ ├─testthat (local) .capture(...) 4. │ │ ├─withr::with_output_sink(...) 5. │ │ │ └─base::force(code) 6. │ │ ├─base::withCallingHandlers(...) 7. │ │ └─base::withVisible(code) 8. │ └─rlang::eval_bare(quo_get_expr(.quo), quo_get_env(.quo)) 9. └─argoFloats::getIndex(...) [ FAIL 1 | WARN 0 | SKIP 3 | PASS 184 ] Error: Test failures Execution halted Flavor: r-release-macos-arm64